{"id":151852,"date":"2025-11-17T12:50:41","date_gmt":"2025-11-17T11:50:41","guid":{"rendered":"https:\/\/www.ernstbrunn-apotheke.at\/katalog\/produkt\/sterillium-pure-5000-ml\/"},"modified":"2025-12-09T11:21:37","modified_gmt":"2025-12-09T10:21:37","slug":"sterillium-pure-5000-ml","status":"publish","type":"product","link":"https:\/\/www.ernstbrunn-apotheke.at\/katalog\/produkt\/sterillium-pure-5000-ml\/","title":{"rendered":"Sterillium pure 5000 ml"},"content":{"rendered":"<ul>&#13;<\/p>\n<li>Die neuste Generation der propanolischen H\u00e4nde-Desinfektionsmittel aus dem HARTMANN Konzern<\/li>\n<p>&#13;<\/p>\n<li>breites Wirkspektrum, inklusive begrenzt viruzid PLUS<\/li>\n<p>&#13;<\/p>\n<li>inaktiviert Noroviren in 15 Sek<\/li>\n<p>&#13;<\/p>\n<li>mit bew\u00e4hrtem Hautpflegekomplex;pflegt die Haut auch bei t\u00e4glicher Anwendung<\/li>\n<p>&#13;<\/p>\n<li>Ganzjahresprodukt<\/li>\n<p>&#13;<\/p>\n<li>schnell wirksam*<\/li>\n<p>&#13;<\/p>\n<li>sehr gut hautvertr\u00e4glich und r\u00fcckfettend<\/li>\n<p>&#13;<\/p>\n<li>erh\u00f6ht die Hautfeuchtigkeit, erh\u00e4lt die Hautelastizit\u00e4t sowie die nat\u00fcrliche Gl\u00e4tte der Haut<\/li>\n<p>&#13;<\/p>\n<li>erh\u00e4lt den nat\u00fcrlichen pH-Wert der Haut<\/li>\n<p>&#13;<\/p>\n<li><a href=\"https:\/\/ecarf-siegel.org\/\">ECARF<\/a>-zertifiziert: das erste nachweislich gepr\u00fcfte, fl\u00fcssige allergikerfreundliche H\u00e4ndedesinfektionsmittel f\u00fcr die empfindliche Haut, atopische Haut und Asthmatiker<\/li>\n<p>&#13;<\/p>\n<li>dermatologisch getestet<\/li>\n<p>&#13;<\/p>\n<li>farbstoff- und parf\u00fcmfrei\u00a0<\/li>\n<p>&#13;\n<\/ul>\n<p>&#13;<\/p>\n<p>*Hygienische H\u00e4ndedesinfektion (EN 1500) in 30 Sek.<\/p>\n<p><strong>Erforderliches Wirkungsspektrum SARS-CoV-2: begrenzt viruzid<\/strong><br \/>Alle\u00a0Desinfektionsmittel von HARTMANN f\u00fcr H\u00e4nde, Haut, Fl\u00e4chen und Instrumente\u00a0erf\u00fcllen die Wirksamkeitsanforderungen an die begrenzte Viruzidie und k\u00f6nnen verwendet werden.<\/p>\n","protected":false},"excerpt":{"rendered":"<p>&#13; Die neuste Generation der propanolischen H\u00e4nde-Desinfektionsmittel aus dem HARTMANN Konzern &#13; breites Wirkspektrum, inklusive begrenzt viruzid PLUS &#13; inaktiviert Noroviren in 15 Sek &#13; mit bew\u00e4hrtem Hautpflegekomplex;pflegt die Haut auch bei t\u00e4glicher Anwendung &#13; Ganzjahresprodukt &#13; schnell wirksam* &#13; sehr gut hautvertr\u00e4glich und r\u00fcckfettend &#13; erh\u00f6ht die Hautfeuchtigkeit, erh\u00e4lt die Hautelastizit\u00e4t sowie die nat\u00fcrliche [&hellip;]<\/p>\n","protected":false},"featured_media":151854,"template":"","meta":{"_acf_changed":false},"product_brand":[],"product_cat":[791],"product_tag":[],"class_list":{"0":"post-151852","1":"product","2":"type-product","3":"status-publish","4":"has-post-thumbnail","6":"product_cat-s","7":"pa_packungsgroesse-5l","9":"first","10":"instock","11":"shipping-taxable","12":"purchasable","13":"product-type-simple"},"acf":[],"_links":{"self":[{"href":"https:\/\/www.ernstbrunn-apotheke.at\/katalog\/wp-json\/wp\/v2\/product\/151852","targetHints":{"allow":["GET"]}}],"collection":[{"href":"https:\/\/www.ernstbrunn-apotheke.at\/katalog\/wp-json\/wp\/v2\/product"}],"about":[{"href":"https:\/\/www.ernstbrunn-apotheke.at\/katalog\/wp-json\/wp\/v2\/types\/product"}],"wp:featuredmedia":[{"embeddable":true,"href":"https:\/\/www.ernstbrunn-apotheke.at\/katalog\/wp-json\/wp\/v2\/media\/151854"}],"wp:attachment":[{"href":"https:\/\/www.ernstbrunn-apotheke.at\/katalog\/wp-json\/wp\/v2\/media?parent=151852"}],"wp:term":[{"taxonomy":"product_brand","embeddable":true,"href":"https:\/\/www.ernstbrunn-apotheke.at\/katalog\/wp-json\/wp\/v2\/product_brand?post=151852"},{"taxonomy":"product_cat","embeddable":true,"href":"https:\/\/www.ernstbrunn-apotheke.at\/katalog\/wp-json\/wp\/v2\/product_cat?post=151852"},{"taxonomy":"product_tag","embeddable":true,"href":"https:\/\/www.ernstbrunn-apotheke.at\/katalog\/wp-json\/wp\/v2\/product_tag?post=151852"}],"curies":[{"name":"wp","href":"https:\/\/api.w.org\/{rel}","templated":true}]}}