{"id":151725,"date":"2025-11-17T12:47:27","date_gmt":"2025-11-17T11:47:27","guid":{"rendered":"https:\/\/www.ernstbrunn-apotheke.at\/katalog\/produkt\/sonnentor-zitronenmelisse-tee-bio-18-btl\/"},"modified":"2025-12-09T11:21:09","modified_gmt":"2025-12-09T10:21:09","slug":"sonnentor-zitronenmelisse-tee-bio-18-btl","status":"publish","type":"product","link":"https:\/\/www.ernstbrunn-apotheke.at\/katalog\/produkt\/sonnentor-zitronenmelisse-tee-bio-18-btl\/","title":{"rendered":"Sonnentor Zitronenmelisse Tee bio 18 Btl."},"content":{"rendered":"<p>Den zitronigen Duft der Melisse kannst du sogar im Vorbeigehen wahrnehmen. Geschmacklich setzt sie noch eine feine S\u00fc\u00dfe drauf und passt wunderbar zu Fischgerichten. Zur\u00fccklehnen, entspannen und genie\u00dfen. Melissa kommt von dem Lateinischen Wort f\u00fcr Honigbiene. Das kommt nicht von ungef\u00e4hr, denn die Melisse wurde fr\u00fcher als Bienenweide angepflanzt. Karl der Gro\u00dfe befahl den Anbau dieser in Klosterg\u00e4rten, daraus entwickelte sich der Melissengeist.<\/p>\n","protected":false},"excerpt":{"rendered":"<p>Den zitronigen Duft der Melisse kannst du sogar im Vorbeigehen wahrnehmen. Geschmacklich setzt sie noch eine feine S\u00fc\u00dfe drauf und passt wunderbar zu Fischgerichten. Zur\u00fccklehnen, entspannen und genie\u00dfen. Melissa kommt von dem Lateinischen Wort f\u00fcr Honigbiene. Das kommt nicht von ungef\u00e4hr, denn die Melisse wurde fr\u00fcher als Bienenweide angepflanzt. Karl der Gro\u00dfe befahl den Anbau [&hellip;]<\/p>\n","protected":false},"featured_media":151727,"template":"","meta":{"_acf_changed":false},"product_brand":[925],"product_cat":[791],"product_tag":[],"class_list":{"0":"post-151725","1":"product","2":"type-product","3":"status-publish","4":"has-post-thumbnail","6":"product_brand-sonnentor","7":"product_cat-s","8":"pa_packungsgroesse-18-beutel","10":"first","11":"instock","12":"shipping-taxable","13":"purchasable","14":"product-type-simple"},"acf":[],"_links":{"self":[{"href":"https:\/\/www.ernstbrunn-apotheke.at\/katalog\/wp-json\/wp\/v2\/product\/151725","targetHints":{"allow":["GET"]}}],"collection":[{"href":"https:\/\/www.ernstbrunn-apotheke.at\/katalog\/wp-json\/wp\/v2\/product"}],"about":[{"href":"https:\/\/www.ernstbrunn-apotheke.at\/katalog\/wp-json\/wp\/v2\/types\/product"}],"wp:featuredmedia":[{"embeddable":true,"href":"https:\/\/www.ernstbrunn-apotheke.at\/katalog\/wp-json\/wp\/v2\/media\/151727"}],"wp:attachment":[{"href":"https:\/\/www.ernstbrunn-apotheke.at\/katalog\/wp-json\/wp\/v2\/media?parent=151725"}],"wp:term":[{"taxonomy":"product_brand","embeddable":true,"href":"https:\/\/www.ernstbrunn-apotheke.at\/katalog\/wp-json\/wp\/v2\/product_brand?post=151725"},{"taxonomy":"product_cat","embeddable":true,"href":"https:\/\/www.ernstbrunn-apotheke.at\/katalog\/wp-json\/wp\/v2\/product_cat?post=151725"},{"taxonomy":"product_tag","embeddable":true,"href":"https:\/\/www.ernstbrunn-apotheke.at\/katalog\/wp-json\/wp\/v2\/product_tag?post=151725"}],"curies":[{"name":"wp","href":"https:\/\/api.w.org\/{rel}","templated":true}]}}