{"id":15152,"date":"2025-11-07T18:04:20","date_gmt":"2025-11-07T17:04:20","guid":{"rendered":"https:\/\/www.ernstbrunn-apotheke.at\/katalog\/produkt\/abs-phyto-bronchial-kapseln-60-stk\/"},"modified":"2025-12-08T13:50:33","modified_gmt":"2025-12-08T12:50:33","slug":"abs-phyto-bronchial-kapseln-60-stk","status":"publish","type":"product","link":"https:\/\/www.ernstbrunn-apotheke.at\/katalog\/produkt\/abs-phyto-bronchial-kapseln-60-stk\/","title":{"rendered":"ABS Phyto Bronchial Kapseln 60 Stk."},"content":{"rendered":"<p>ABS Phyto Bronchial Kapseln helfen gegen chronische Bronchialkatharre. Au\u00dferdem bek\u00e4mpfen diese Kapseln trockenen Husten und l\u00f6sen Hustenkr\u00e4mpfe sowie z\u00e4hen Schleim.<\/p>\n","protected":false},"excerpt":{"rendered":"<p>ABS Phyto Bronchial Kapseln helfen gegen chronische Bronchialkatharre. Au\u00dferdem bek\u00e4mpfen diese Kapseln trockenen Husten und l\u00f6sen Hustenkr\u00e4mpfe sowie z\u00e4hen Schleim.<\/p>\n","protected":false},"featured_media":15154,"template":"","meta":{"_acf_changed":false},"product_brand":[],"product_cat":[801],"product_tag":[],"class_list":{"0":"post-15152","1":"product","2":"type-product","3":"status-publish","4":"has-post-thumbnail","6":"product_cat-a","7":"pa_packungsgroesse-60-stueck","9":"first","10":"instock","11":"shipping-taxable","12":"purchasable","13":"product-type-simple"},"acf":[],"_links":{"self":[{"href":"https:\/\/www.ernstbrunn-apotheke.at\/katalog\/wp-json\/wp\/v2\/product\/15152","targetHints":{"allow":["GET"]}}],"collection":[{"href":"https:\/\/www.ernstbrunn-apotheke.at\/katalog\/wp-json\/wp\/v2\/product"}],"about":[{"href":"https:\/\/www.ernstbrunn-apotheke.at\/katalog\/wp-json\/wp\/v2\/types\/product"}],"wp:featuredmedia":[{"embeddable":true,"href":"https:\/\/www.ernstbrunn-apotheke.at\/katalog\/wp-json\/wp\/v2\/media\/15154"}],"wp:attachment":[{"href":"https:\/\/www.ernstbrunn-apotheke.at\/katalog\/wp-json\/wp\/v2\/media?parent=15152"}],"wp:term":[{"taxonomy":"product_brand","embeddable":true,"href":"https:\/\/www.ernstbrunn-apotheke.at\/katalog\/wp-json\/wp\/v2\/product_brand?post=15152"},{"taxonomy":"product_cat","embeddable":true,"href":"https:\/\/www.ernstbrunn-apotheke.at\/katalog\/wp-json\/wp\/v2\/product_cat?post=15152"},{"taxonomy":"product_tag","embeddable":true,"href":"https:\/\/www.ernstbrunn-apotheke.at\/katalog\/wp-json\/wp\/v2\/product_tag?post=15152"}],"curies":[{"name":"wp","href":"https:\/\/api.w.org\/{rel}","templated":true}]}}