{"id":150761,"date":"2025-11-17T10:52:30","date_gmt":"2025-11-17T09:52:30","guid":{"rendered":"https:\/\/www.ernstbrunn-apotheke.at\/katalog\/produkt\/promanum-pure-haendedesinfektionsmittel-1-l\/"},"modified":"2025-12-09T11:17:27","modified_gmt":"2025-12-09T10:17:27","slug":"promanum-pure-haendedesinfektionsmittel-1-l","status":"publish","type":"product","link":"https:\/\/www.ernstbrunn-apotheke.at\/katalog\/produkt\/promanum-pure-haendedesinfektionsmittel-1-l\/","title":{"rendered":"Promanum Pure H\u00e4ndedesinfektionsmittel 1 L"},"content":{"rendered":"<p>Promanum Pure H\u00e4ndedesinfektionsmittel ist eine alkoholische H\u00e4ndedesinfektion, welche sich durch ein breites Anwendungs- und Wirkungsspektrum auszeichnet. Enth\u00e4lt ausgesuchte Pflegesubstanzen. erhalten Sie dieses Produkt in den Packungsgr\u00f6\u00dfen 500 ml und 1 l.<\/p>\n","protected":false},"excerpt":{"rendered":"<p>Promanum Pure H\u00e4ndedesinfektionsmittel ist eine alkoholische H\u00e4ndedesinfektion, welche sich durch ein breites Anwendungs- und Wirkungsspektrum auszeichnet. Enth\u00e4lt ausgesuchte Pflegesubstanzen. erhalten Sie dieses Produkt in den Packungsgr\u00f6\u00dfen 500 ml und 1 l.<\/p>\n","protected":false},"featured_media":150763,"template":"","meta":{"_acf_changed":false},"product_brand":[],"product_cat":[793],"product_tag":[],"class_list":{"0":"post-150761","1":"product","2":"type-product","3":"status-publish","4":"has-post-thumbnail","6":"product_cat-p","7":"pa_packungsgroesse-1l","9":"first","10":"instock","11":"shipping-taxable","12":"purchasable","13":"product-type-simple"},"acf":[],"_links":{"self":[{"href":"https:\/\/www.ernstbrunn-apotheke.at\/katalog\/wp-json\/wp\/v2\/product\/150761","targetHints":{"allow":["GET"]}}],"collection":[{"href":"https:\/\/www.ernstbrunn-apotheke.at\/katalog\/wp-json\/wp\/v2\/product"}],"about":[{"href":"https:\/\/www.ernstbrunn-apotheke.at\/katalog\/wp-json\/wp\/v2\/types\/product"}],"wp:featuredmedia":[{"embeddable":true,"href":"https:\/\/www.ernstbrunn-apotheke.at\/katalog\/wp-json\/wp\/v2\/media\/150763"}],"wp:attachment":[{"href":"https:\/\/www.ernstbrunn-apotheke.at\/katalog\/wp-json\/wp\/v2\/media?parent=150761"}],"wp:term":[{"taxonomy":"product_brand","embeddable":true,"href":"https:\/\/www.ernstbrunn-apotheke.at\/katalog\/wp-json\/wp\/v2\/product_brand?post=150761"},{"taxonomy":"product_cat","embeddable":true,"href":"https:\/\/www.ernstbrunn-apotheke.at\/katalog\/wp-json\/wp\/v2\/product_cat?post=150761"},{"taxonomy":"product_tag","embeddable":true,"href":"https:\/\/www.ernstbrunn-apotheke.at\/katalog\/wp-json\/wp\/v2\/product_tag?post=150761"}],"curies":[{"name":"wp","href":"https:\/\/api.w.org\/{rel}","templated":true}]}}