{"id":150703,"date":"2025-11-17T10:51:27","date_gmt":"2025-11-17T09:51:27","guid":{"rendered":"https:\/\/www.ernstbrunn-apotheke.at\/katalog\/produkt\/plantur-21-lange-haare-nutri-conditioner-175-ml\/"},"modified":"2025-12-09T11:17:13","modified_gmt":"2025-12-09T10:17:13","slug":"plantur-21-lange-haare-nutri-conditioner-175-ml","status":"publish","type":"product","link":"https:\/\/www.ernstbrunn-apotheke.at\/katalog\/produkt\/plantur-21-lange-haare-nutri-conditioner-175-ml\/","title":{"rendered":"Plantur 21 Lange Haare Nutri-Conditioner 175 ml"},"content":{"rendered":"<p>Besonders f\u00fcr langes und kraftvolles Haar ist eine passende Pflegeroutine unerl\u00e4sslich. Stylen und F\u00e4rben oder zu viel Hitze durch F\u00f6hn und Gl\u00e4tteisen strapazieren das Haar und besch\u00e4digen es von au\u00dfen. Der silikonfreie Nutri-Conditioner verleiht dem Haar mit Pflegestoffen wie Cashmere wieder Glanz und Geschmeidigkeit, ohne es zu beschweren. Die K\u00e4mmbarkeit wird verbessert, da die Struktur der Haare gest\u00e4rkt und an der Oberfl\u00e4che gegl\u00e4ttet wird. Zus\u00e4tzlich verhindern das enthaltene Coffein und die Mikron\u00e4hrstoffe ein Heraussp\u00fclen der vorher \u00fcber das Nutri-Coffein-Shampoo aufgenommenen Wirkstoffe.<\/p>\n","protected":false},"excerpt":{"rendered":"<p>Besonders f\u00fcr langes und kraftvolles Haar ist eine passende Pflegeroutine unerl\u00e4sslich. Stylen und F\u00e4rben oder zu viel Hitze durch F\u00f6hn und Gl\u00e4tteisen strapazieren das Haar und besch\u00e4digen es von au\u00dfen. Der silikonfreie Nutri-Conditioner verleiht dem Haar mit Pflegestoffen wie Cashmere wieder Glanz und Geschmeidigkeit, ohne es zu beschweren. Die K\u00e4mmbarkeit wird verbessert, da die Struktur [&hellip;]<\/p>\n","protected":false},"featured_media":0,"template":"","meta":{"_acf_changed":false},"product_brand":[],"product_cat":[793],"product_tag":[],"class_list":{"0":"post-150703","1":"product","2":"type-product","3":"status-publish","5":"product_cat-p","6":"pa_packungsgroesse-175ml","8":"first","9":"instock","10":"shipping-taxable","11":"purchasable","12":"product-type-simple"},"acf":[],"_links":{"self":[{"href":"https:\/\/www.ernstbrunn-apotheke.at\/katalog\/wp-json\/wp\/v2\/product\/150703","targetHints":{"allow":["GET"]}}],"collection":[{"href":"https:\/\/www.ernstbrunn-apotheke.at\/katalog\/wp-json\/wp\/v2\/product"}],"about":[{"href":"https:\/\/www.ernstbrunn-apotheke.at\/katalog\/wp-json\/wp\/v2\/types\/product"}],"wp:attachment":[{"href":"https:\/\/www.ernstbrunn-apotheke.at\/katalog\/wp-json\/wp\/v2\/media?parent=150703"}],"wp:term":[{"taxonomy":"product_brand","embeddable":true,"href":"https:\/\/www.ernstbrunn-apotheke.at\/katalog\/wp-json\/wp\/v2\/product_brand?post=150703"},{"taxonomy":"product_cat","embeddable":true,"href":"https:\/\/www.ernstbrunn-apotheke.at\/katalog\/wp-json\/wp\/v2\/product_cat?post=150703"},{"taxonomy":"product_tag","embeddable":true,"href":"https:\/\/www.ernstbrunn-apotheke.at\/katalog\/wp-json\/wp\/v2\/product_tag?post=150703"}],"curies":[{"name":"wp","href":"https:\/\/api.w.org\/{rel}","templated":true}]}}