{"id":14834,"date":"2025-11-07T17:59:50","date_gmt":"2025-11-07T16:59:50","guid":{"rendered":"https:\/\/www.ernstbrunn-apotheke.at\/katalog\/produkt\/weleda-hustensaft-100-ml\/"},"modified":"2025-12-08T13:49:13","modified_gmt":"2025-12-08T12:49:13","slug":"weleda-hustensaft-100-ml","status":"publish","type":"product","link":"https:\/\/www.ernstbrunn-apotheke.at\/katalog\/produkt\/weleda-hustensaft-100-ml\/","title":{"rendered":"Weleda Hustensaft 100 ml"},"content":{"rendered":"<p>Bei einem Infekt der Atemwege wirkt der Hustensaft von Weleda auf mehreren Ebenen und begleitet Sie damit durch alle Hustenphasen: Das Zusammenspiel dieser hochwertigen Pflanzenextrakte tr\u00e4gt dazu bei, den Schleim zu l\u00f6sen, zu verfl\u00fcssigen und das Abhusten zu erleichtern. Aufgrund der milden wohltuenden Wirkung und dank des angenehmen Geschmacks eignet sich der Sirup besonders f\u00fcr Kinder. F\u00fcr Kinder ab 1 Jahr geeignet.<\/p>\n","protected":false},"excerpt":{"rendered":"<p>Bei einem Infekt der Atemwege wirkt der Hustensaft von Weleda auf mehreren Ebenen und begleitet Sie damit durch alle Hustenphasen: Das Zusammenspiel dieser hochwertigen Pflanzenextrakte tr\u00e4gt dazu bei, den Schleim zu l\u00f6sen, zu verfl\u00fcssigen und das Abhusten zu erleichtern. Aufgrund der milden wohltuenden Wirkung und dank des angenehmen Geschmacks eignet sich der Sirup besonders f\u00fcr [&hellip;]<\/p>\n","protected":false},"featured_media":14836,"template":"","meta":{"_acf_changed":false},"product_brand":[567],"product_cat":[796],"product_tag":[],"class_list":{"0":"post-14834","1":"product","2":"type-product","3":"status-publish","4":"has-post-thumbnail","6":"product_brand-weleda","7":"product_cat-w","8":"pa_packungsgroesse-100ml","10":"first","11":"instock","12":"shipping-taxable","13":"purchasable","14":"product-type-simple"},"acf":[],"_links":{"self":[{"href":"https:\/\/www.ernstbrunn-apotheke.at\/katalog\/wp-json\/wp\/v2\/product\/14834","targetHints":{"allow":["GET"]}}],"collection":[{"href":"https:\/\/www.ernstbrunn-apotheke.at\/katalog\/wp-json\/wp\/v2\/product"}],"about":[{"href":"https:\/\/www.ernstbrunn-apotheke.at\/katalog\/wp-json\/wp\/v2\/types\/product"}],"wp:featuredmedia":[{"embeddable":true,"href":"https:\/\/www.ernstbrunn-apotheke.at\/katalog\/wp-json\/wp\/v2\/media\/14836"}],"wp:attachment":[{"href":"https:\/\/www.ernstbrunn-apotheke.at\/katalog\/wp-json\/wp\/v2\/media?parent=14834"}],"wp:term":[{"taxonomy":"product_brand","embeddable":true,"href":"https:\/\/www.ernstbrunn-apotheke.at\/katalog\/wp-json\/wp\/v2\/product_brand?post=14834"},{"taxonomy":"product_cat","embeddable":true,"href":"https:\/\/www.ernstbrunn-apotheke.at\/katalog\/wp-json\/wp\/v2\/product_cat?post=14834"},{"taxonomy":"product_tag","embeddable":true,"href":"https:\/\/www.ernstbrunn-apotheke.at\/katalog\/wp-json\/wp\/v2\/product_tag?post=14834"}],"curies":[{"name":"wp","href":"https:\/\/api.w.org\/{rel}","templated":true}]}}