{"id":148286,"date":"2025-11-17T09:54:56","date_gmt":"2025-11-17T08:54:56","guid":{"rendered":"https:\/\/www.ernstbrunn-apotheke.at\/katalog\/produkt\/heliocare-360-a-r-emulsion-50-ml\/"},"modified":"2025-12-09T11:07:39","modified_gmt":"2025-12-09T10:07:39","slug":"heliocare-360-a-r-emulsion-50-ml","status":"publish","type":"product","link":"https:\/\/www.ernstbrunn-apotheke.at\/katalog\/produkt\/heliocare-360-a-r-emulsion-50-ml\/","title":{"rendered":"Heliocare 360\u00b0 A-R Emulsion 50 ml"},"content":{"rendered":"<div>&#13;<\/p>\n<p><strong>Dermatologischer Photoimmunschutz f\u00fcr empfindliche und zu R\u00f6tungen neigender Haut<\/strong><\/p>\n<p>&#13;\n<\/p><\/div>\n<p>&#13;<\/p>\n<div>&#13;<\/p>\n<p>\u00a0<\/p>\n<p>&#13;<\/p>\n<ul>&#13;<\/p>\n<li>Fernblock\u00ae+: Sehr hohe Photoimmunschutzaktivit\u00e4t<\/li>\n<p>&#13;<\/p>\n<li>Kombination von mineralischen Filtern<\/li>\n<p>&#13;<\/p>\n<li>Unterst\u00fctzt das hauteigene Immunsystem<\/li>\n<p>&#13;<\/p>\n<li>Verhindert und reduziert R\u00f6tungen<\/li>\n<p>&#13;<\/p>\n<li>Leichte Textur mit seidig glattem Finish<\/li>\n<p>&#13;<\/p>\n<li>Perfekt f\u00fcr sensible Hauttypen<\/li>\n<p>&#13;<\/p>\n<li>Hohe Augenvertr\u00e4glichkeit<\/li>\n<p>&#13;<\/p>\n<li>Ohne Duftstoffe, Parabene und Alkohol<\/li>\n<p>&#13;\n<\/ul>\n<p>&#13;\n<\/p><\/div>\n","protected":false},"excerpt":{"rendered":"<p>&#13; Dermatologischer Photoimmunschutz f\u00fcr empfindliche und zu R\u00f6tungen neigender Haut &#13; &#13; &#13; \u00a0 &#13; &#13; Fernblock\u00ae+: Sehr hohe Photoimmunschutzaktivit\u00e4t &#13; Kombination von mineralischen Filtern &#13; Unterst\u00fctzt das hauteigene Immunsystem &#13; Verhindert und reduziert R\u00f6tungen &#13; Leichte Textur mit seidig glattem Finish &#13; Perfekt f\u00fcr sensible Hauttypen &#13; Hohe Augenvertr\u00e4glichkeit &#13; Ohne Duftstoffe, Parabene und [&hellip;]<\/p>\n","protected":false},"featured_media":0,"template":"","meta":{"_acf_changed":false},"product_brand":[1026],"product_cat":[805],"product_tag":[],"class_list":{"0":"post-148286","1":"product","2":"type-product","3":"status-publish","5":"product_brand-heliocare","6":"product_cat-h","7":"pa_packungsgroesse-50ml","9":"first","10":"instock","11":"shipping-taxable","12":"purchasable","13":"product-type-simple"},"acf":[],"_links":{"self":[{"href":"https:\/\/www.ernstbrunn-apotheke.at\/katalog\/wp-json\/wp\/v2\/product\/148286","targetHints":{"allow":["GET"]}}],"collection":[{"href":"https:\/\/www.ernstbrunn-apotheke.at\/katalog\/wp-json\/wp\/v2\/product"}],"about":[{"href":"https:\/\/www.ernstbrunn-apotheke.at\/katalog\/wp-json\/wp\/v2\/types\/product"}],"wp:attachment":[{"href":"https:\/\/www.ernstbrunn-apotheke.at\/katalog\/wp-json\/wp\/v2\/media?parent=148286"}],"wp:term":[{"taxonomy":"product_brand","embeddable":true,"href":"https:\/\/www.ernstbrunn-apotheke.at\/katalog\/wp-json\/wp\/v2\/product_brand?post=148286"},{"taxonomy":"product_cat","embeddable":true,"href":"https:\/\/www.ernstbrunn-apotheke.at\/katalog\/wp-json\/wp\/v2\/product_cat?post=148286"},{"taxonomy":"product_tag","embeddable":true,"href":"https:\/\/www.ernstbrunn-apotheke.at\/katalog\/wp-json\/wp\/v2\/product_tag?post=148286"}],"curies":[{"name":"wp","href":"https:\/\/api.w.org\/{rel}","templated":true}]}}