{"id":14681,"date":"2025-11-07T17:57:31","date_gmt":"2025-11-07T16:57:31","guid":{"rendered":"https:\/\/www.ernstbrunn-apotheke.at\/katalog\/produkt\/aeromuc-600-mg-loesliche-tabletten\/"},"modified":"2025-12-08T13:48:31","modified_gmt":"2025-12-08T12:48:31","slug":"aeromuc-600-mg-loesliche-tabletten","status":"publish","type":"product","link":"https:\/\/www.ernstbrunn-apotheke.at\/katalog\/produkt\/aeromuc-600-mg-loesliche-tabletten\/","title":{"rendered":"Aeromuc 600 mg l\u00f6sliche Tabletten"},"content":{"rendered":"<p>Bei Erkrankungen der Luftwege k\u00f6nnen z\u00e4he Absonderungen in den Atemwegen zu einer folgenschweren St\u00f6rung der Lungenfunktion f\u00fchren, die Schleimh\u00e4ute sch\u00e4digen und f\u00fcr Infektionen anf\u00e4llig machen. Aeromuc l\u00f6st den z\u00e4hen Schleim in den Luftwegen, erleichtert das Abhusten und stillt dadurch den Hustenreiz. Die Atmung wird sp\u00fcrbar erleichtert.<\/p>\n","protected":false},"excerpt":{"rendered":"<p>Bei Erkrankungen der Luftwege k\u00f6nnen z\u00e4he Absonderungen in den Atemwegen zu einer folgenschweren St\u00f6rung der Lungenfunktion f\u00fchren, die Schleimh\u00e4ute sch\u00e4digen und f\u00fcr Infektionen anf\u00e4llig machen. Aeromuc l\u00f6st den z\u00e4hen Schleim in den Luftwegen, erleichtert das Abhusten und stillt dadurch den Hustenreiz. Die Atmung wird sp\u00fcrbar erleichtert.<\/p>\n","protected":false},"featured_media":14683,"template":"","meta":{"_acf_changed":false},"product_brand":[],"product_cat":[801],"product_tag":[],"class_list":{"0":"post-14681","1":"product","2":"type-product","3":"status-publish","4":"has-post-thumbnail","6":"product_cat-a","7":"pa_packungsgroesse-10-stueck","8":"pa_packungsgroesse-20-stueck","10":"first","11":"instock","12":"shipping-taxable","13":"purchasable","14":"product-type-simple"},"acf":[],"_links":{"self":[{"href":"https:\/\/www.ernstbrunn-apotheke.at\/katalog\/wp-json\/wp\/v2\/product\/14681","targetHints":{"allow":["GET"]}}],"collection":[{"href":"https:\/\/www.ernstbrunn-apotheke.at\/katalog\/wp-json\/wp\/v2\/product"}],"about":[{"href":"https:\/\/www.ernstbrunn-apotheke.at\/katalog\/wp-json\/wp\/v2\/types\/product"}],"wp:featuredmedia":[{"embeddable":true,"href":"https:\/\/www.ernstbrunn-apotheke.at\/katalog\/wp-json\/wp\/v2\/media\/14683"}],"wp:attachment":[{"href":"https:\/\/www.ernstbrunn-apotheke.at\/katalog\/wp-json\/wp\/v2\/media?parent=14681"}],"wp:term":[{"taxonomy":"product_brand","embeddable":true,"href":"https:\/\/www.ernstbrunn-apotheke.at\/katalog\/wp-json\/wp\/v2\/product_brand?post=14681"},{"taxonomy":"product_cat","embeddable":true,"href":"https:\/\/www.ernstbrunn-apotheke.at\/katalog\/wp-json\/wp\/v2\/product_cat?post=14681"},{"taxonomy":"product_tag","embeddable":true,"href":"https:\/\/www.ernstbrunn-apotheke.at\/katalog\/wp-json\/wp\/v2\/product_tag?post=14681"}],"curies":[{"name":"wp","href":"https:\/\/api.w.org\/{rel}","templated":true}]}}