{"id":146714,"date":"2025-11-17T06:31:02","date_gmt":"2025-11-17T05:31:02","guid":{"rendered":"https:\/\/www.ernstbrunn-apotheke.at\/katalog\/produkt\/burgerstein-collagen-pulver-110-g\/"},"modified":"2025-12-09T11:01:07","modified_gmt":"2025-12-09T10:01:07","slug":"burgerstein-collagen-pulver-110-g","status":"publish","type":"product","link":"https:\/\/www.ernstbrunn-apotheke.at\/katalog\/produkt\/burgerstein-collagen-pulver-110-g\/","title":{"rendered":"Burgerstein Collagen Pulver 110 g"},"content":{"rendered":"<p><strong>Kollagen \u2013 der Allesk\u00f6nner<\/strong><\/p>\n<p>&#13;<\/p>\n<div>Burgerstein Collagen enth\u00e4lt 100 % reine bioaktive Kollagenpeptide. Dieses Produkt ist vielseitig einsetzbar und aufgrund seiner hohen Qualit\u00e4t ist die t\u00e4gliche Dosierung gering. Aufgrund seines neutralen Geschmacks l\u00e4sst sich Burgerstein Collagen ideal in jedes Getr\u00e4nk einmischen und l\u00f6st sich beim Umr\u00fchren schnell auf. Kollagen ist ein wichtiger faseriger Bestandteil von Haut, Knochen, Sehnen und Knorpel. Kollagen ist das am h\u00e4ufigsten vorkommende Protein in unserem K\u00f6rper; etwa ein Drittel der Proteine in unserem Organismus sind Kollagene. Sie sind zentrale Strukturbestandteile vieler Gewebe, beispielsweise in Haut, N\u00e4geln und Haaren, Gelenken, Sehnen, B\u00e4ndern und Knochen sowie in Muskeln, Blutgef\u00e4\u00dfen und Darmw\u00e4nden. Kollagen ist das Hauptprotein in der sogenannten extrazellul\u00e4ren Matrix, der ger\u00fcstartigen Struktur, die Zellen umgibt und eine zentrale Rolle f\u00fcr die Gewebefestigkeit spielt.<\/div>\n<p>&#13;<\/p>\n","protected":false},"excerpt":{"rendered":"<p>Kollagen \u2013 der Allesk\u00f6nner &#13; Burgerstein Collagen enth\u00e4lt 100 % reine bioaktive Kollagenpeptide. Dieses Produkt ist vielseitig einsetzbar und aufgrund seiner hohen Qualit\u00e4t ist die t\u00e4gliche Dosierung gering. Aufgrund seines neutralen Geschmacks l\u00e4sst sich Burgerstein Collagen ideal in jedes Getr\u00e4nk einmischen und l\u00f6st sich beim Umr\u00fchren schnell auf. Kollagen ist ein wichtiger faseriger Bestandteil von [&hellip;]<\/p>\n","protected":false},"featured_media":0,"template":"","meta":{"_acf_changed":false},"product_brand":[446],"product_cat":[802],"product_tag":[],"class_list":{"0":"post-146714","1":"product","2":"type-product","3":"status-publish","5":"product_brand-burgerstein","6":"product_cat-b","7":"pa_packungsgroesse-110g","9":"first","10":"instock","11":"shipping-taxable","12":"purchasable","13":"product-type-simple"},"acf":[],"_links":{"self":[{"href":"https:\/\/www.ernstbrunn-apotheke.at\/katalog\/wp-json\/wp\/v2\/product\/146714","targetHints":{"allow":["GET"]}}],"collection":[{"href":"https:\/\/www.ernstbrunn-apotheke.at\/katalog\/wp-json\/wp\/v2\/product"}],"about":[{"href":"https:\/\/www.ernstbrunn-apotheke.at\/katalog\/wp-json\/wp\/v2\/types\/product"}],"wp:attachment":[{"href":"https:\/\/www.ernstbrunn-apotheke.at\/katalog\/wp-json\/wp\/v2\/media?parent=146714"}],"wp:term":[{"taxonomy":"product_brand","embeddable":true,"href":"https:\/\/www.ernstbrunn-apotheke.at\/katalog\/wp-json\/wp\/v2\/product_brand?post=146714"},{"taxonomy":"product_cat","embeddable":true,"href":"https:\/\/www.ernstbrunn-apotheke.at\/katalog\/wp-json\/wp\/v2\/product_cat?post=146714"},{"taxonomy":"product_tag","embeddable":true,"href":"https:\/\/www.ernstbrunn-apotheke.at\/katalog\/wp-json\/wp\/v2\/product_tag?post=146714"}],"curies":[{"name":"wp","href":"https:\/\/api.w.org\/{rel}","templated":true}]}}