{"id":14656,"date":"2025-11-07T17:52:33","date_gmt":"2025-11-07T16:52:33","guid":{"rendered":"https:\/\/www.ernstbrunn-apotheke.at\/katalog\/produkt\/tetesept-hals-rachenspray-islaendisch-moos\/"},"modified":"2025-12-08T13:48:27","modified_gmt":"2025-12-08T12:48:27","slug":"tetesept-hals-rachenspray-islaendisch-moos","status":"publish","type":"product","link":"https:\/\/www.ernstbrunn-apotheke.at\/katalog\/produkt\/tetesept-hals-rachenspray-islaendisch-moos\/","title":{"rendered":"tetesept Hals &#038; Rachenspray Isl\u00e4ndisch Moos"},"content":{"rendered":"<p>Direkt im Rachen hilft tetesept Hals &#038; Rachen Spray. Er befeuchtet Hals und Rachen und lindert so Hustenreiz, Halsschmerzen und Heiserkeit. Die nat\u00fcrlichen Wirkstoffe von Isl\u00e4ndisch Moos plus Dexpanthenol bilden einen Schutzfilm und unterst\u00fctzen die Regeneration der gereizten Schleimh\u00e4ute. Nat\u00fcrliche Mineralsalze unterst\u00fctzen die Schleiml\u00f6sung und den Abtransport des Schleims. Mit Dexpanthenol. Ohne Alkohol. Ab 6 Jahren<\/p>\n","protected":false},"excerpt":{"rendered":"<p>Direkt im Rachen hilft tetesept Hals &#038; Rachen Spray. Er befeuchtet Hals und Rachen und lindert so Hustenreiz, Halsschmerzen und Heiserkeit. Die nat\u00fcrlichen Wirkstoffe von Isl\u00e4ndisch Moos plus Dexpanthenol bilden einen Schutzfilm und unterst\u00fctzen die Regeneration der gereizten Schleimh\u00e4ute. Nat\u00fcrliche Mineralsalze unterst\u00fctzen die Schleiml\u00f6sung und den Abtransport des Schleims. Mit Dexpanthenol. Ohne Alkohol. Ab 6 [&hellip;]<\/p>\n","protected":false},"featured_media":14658,"template":"","meta":{"_acf_changed":false},"product_brand":[487],"product_cat":[798],"product_tag":[],"class_list":{"0":"post-14656","1":"product","2":"type-product","3":"status-publish","4":"has-post-thumbnail","6":"product_brand-tetesept","7":"product_cat-t","8":"pa_packungsgroesse-30ml","10":"first","11":"instock","12":"shipping-taxable","13":"purchasable","14":"product-type-simple"},"acf":[],"_links":{"self":[{"href":"https:\/\/www.ernstbrunn-apotheke.at\/katalog\/wp-json\/wp\/v2\/product\/14656","targetHints":{"allow":["GET"]}}],"collection":[{"href":"https:\/\/www.ernstbrunn-apotheke.at\/katalog\/wp-json\/wp\/v2\/product"}],"about":[{"href":"https:\/\/www.ernstbrunn-apotheke.at\/katalog\/wp-json\/wp\/v2\/types\/product"}],"wp:featuredmedia":[{"embeddable":true,"href":"https:\/\/www.ernstbrunn-apotheke.at\/katalog\/wp-json\/wp\/v2\/media\/14658"}],"wp:attachment":[{"href":"https:\/\/www.ernstbrunn-apotheke.at\/katalog\/wp-json\/wp\/v2\/media?parent=14656"}],"wp:term":[{"taxonomy":"product_brand","embeddable":true,"href":"https:\/\/www.ernstbrunn-apotheke.at\/katalog\/wp-json\/wp\/v2\/product_brand?post=14656"},{"taxonomy":"product_cat","embeddable":true,"href":"https:\/\/www.ernstbrunn-apotheke.at\/katalog\/wp-json\/wp\/v2\/product_cat?post=14656"},{"taxonomy":"product_tag","embeddable":true,"href":"https:\/\/www.ernstbrunn-apotheke.at\/katalog\/wp-json\/wp\/v2\/product_tag?post=14656"}],"curies":[{"name":"wp","href":"https:\/\/api.w.org\/{rel}","templated":true}]}}