{"id":146007,"date":"2025-11-17T06:16:59","date_gmt":"2025-11-17T05:16:59","guid":{"rendered":"https:\/\/www.ernstbrunn-apotheke.at\/katalog\/produkt\/st-severin-berberitzen-tropfen\/"},"modified":"2025-12-09T10:58:06","modified_gmt":"2025-12-09T09:58:06","slug":"st-severin-berberitzen-tropfen","status":"publish","type":"product","link":"https:\/\/www.ernstbrunn-apotheke.at\/katalog\/produkt\/st-severin-berberitzen-tropfen\/","title":{"rendered":"St. Severin Berberitzen Tropfen"},"content":{"rendered":"<p>Die Berberitze (Berberis vulgaris L.) z\u00e4hlt zu den Berberitzengew\u00e4chsen (Berberida ceae). Zu den wichtigsten Inhaltsstoffen der Berberitzenwurzel geh\u00f6ren Alkaloide wie das Berberin und Jatrorrhizin, Gerbstoffe, Harz und Wachs. Die Wurzelrinde soll Galle und andere Verdauungsorgane st\u00e4rken, harntreibend sein und Verstopfungen entgegenwirken. Auch bei Bluthochdruck, Beruhigung der Pulsfrequenz und Blutgef\u00e4\u00dferweiterung sind ein positive Effekte der Wurzelrinde bekannt.<\/p>\n<p>Zusammensetzung:Berberitzentropfen enthalten einen hochwertigen w\u00e4ssrig\/alkoholischen Auszug aus Berberitzenrinde, hergestellt laut Arzneibuch. Alkoholgehalt: 66 % Vol<\/p>\n","protected":false},"excerpt":{"rendered":"<p>Die Berberitze (Berberis vulgaris L.) z\u00e4hlt zu den Berberitzengew\u00e4chsen (Berberida ceae). Zu den wichtigsten Inhaltsstoffen der Berberitzenwurzel geh\u00f6ren Alkaloide wie das Berberin und Jatrorrhizin, Gerbstoffe, Harz und Wachs. Die Wurzelrinde soll Galle und andere Verdauungsorgane st\u00e4rken, harntreibend sein und Verstopfungen entgegenwirken. Auch bei Bluthochdruck, Beruhigung der Pulsfrequenz und Blutgef\u00e4\u00dferweiterung sind ein positive Effekte der Wurzelrinde [&hellip;]<\/p>\n","protected":false},"featured_media":146009,"template":"","meta":{"_acf_changed":false},"product_brand":[435],"product_cat":[791],"product_tag":[],"class_list":{"0":"post-146007","1":"product","2":"type-product","3":"status-publish","4":"has-post-thumbnail","6":"product_brand-st-severin","7":"product_cat-s","8":"pa_packungsgroesse-100ml","10":"first","11":"instock","12":"shipping-taxable","13":"purchasable","14":"product-type-simple"},"acf":[],"_links":{"self":[{"href":"https:\/\/www.ernstbrunn-apotheke.at\/katalog\/wp-json\/wp\/v2\/product\/146007","targetHints":{"allow":["GET"]}}],"collection":[{"href":"https:\/\/www.ernstbrunn-apotheke.at\/katalog\/wp-json\/wp\/v2\/product"}],"about":[{"href":"https:\/\/www.ernstbrunn-apotheke.at\/katalog\/wp-json\/wp\/v2\/types\/product"}],"wp:featuredmedia":[{"embeddable":true,"href":"https:\/\/www.ernstbrunn-apotheke.at\/katalog\/wp-json\/wp\/v2\/media\/146009"}],"wp:attachment":[{"href":"https:\/\/www.ernstbrunn-apotheke.at\/katalog\/wp-json\/wp\/v2\/media?parent=146007"}],"wp:term":[{"taxonomy":"product_brand","embeddable":true,"href":"https:\/\/www.ernstbrunn-apotheke.at\/katalog\/wp-json\/wp\/v2\/product_brand?post=146007"},{"taxonomy":"product_cat","embeddable":true,"href":"https:\/\/www.ernstbrunn-apotheke.at\/katalog\/wp-json\/wp\/v2\/product_cat?post=146007"},{"taxonomy":"product_tag","embeddable":true,"href":"https:\/\/www.ernstbrunn-apotheke.at\/katalog\/wp-json\/wp\/v2\/product_tag?post=146007"}],"curies":[{"name":"wp","href":"https:\/\/api.w.org\/{rel}","templated":true}]}}