{"id":14589,"date":"2025-11-07T17:52:33","date_gmt":"2025-11-07T16:52:33","guid":{"rendered":"https:\/\/www.ernstbrunn-apotheke.at\/katalog\/produkt\/ipalat-halspastillen-classic-2\/"},"modified":"2025-12-08T13:48:13","modified_gmt":"2025-12-08T12:48:13","slug":"ipalat-halspastillen-classic-2","status":"publish","type":"product","link":"https:\/\/www.ernstbrunn-apotheke.at\/katalog\/produkt\/ipalat-halspastillen-classic-2\/","title":{"rendered":"Ipalat Halspastillen Classic"},"content":{"rendered":"<p>Ipalat Halspastillen mit den wertvollen pflanzlichen Inhaltsstoffen Primelwurzel, Akaziengummi, Anis, Fenchel, Menthol und Honig verbinden gesunde Naturkraft mit einzigartigem und wohltuendem Geschmack. Lassen Sie die Pastillen durch Lutschen langsam im Mund zergehen. Dies regt den Speichelfluss an und hilft so, die Schleimh\u00e4ute mit dem wichtigen Feuchtigkeitsfilm zu versorgen. Dieses Produkt erhalten Sie in den Varianten Classic (40 St\u00fcck), Mild (40 St\u00fcck) und Zuckerfrei (40 und 80 St\u00fcck).<\/p>\n","protected":false},"excerpt":{"rendered":"<p>Ipalat Halspastillen mit den wertvollen pflanzlichen Inhaltsstoffen Primelwurzel, Akaziengummi, Anis, Fenchel, Menthol und Honig verbinden gesunde Naturkraft mit einzigartigem und wohltuendem Geschmack. Lassen Sie die Pastillen durch Lutschen langsam im Mund zergehen. Dies regt den Speichelfluss an und hilft so, die Schleimh\u00e4ute mit dem wichtigen Feuchtigkeitsfilm zu versorgen. Dieses Produkt erhalten Sie in den Varianten [&hellip;]<\/p>\n","protected":false},"featured_media":14591,"template":"","meta":{"_acf_changed":false},"product_brand":[],"product_cat":[823],"product_tag":[],"class_list":{"0":"post-14589","1":"product","2":"type-product","3":"status-publish","4":"has-post-thumbnail","6":"product_cat-i","7":"pa_packungsgroesse-40-stueck","9":"first","10":"instock","11":"shipping-taxable","12":"purchasable","13":"product-type-simple"},"acf":[],"_links":{"self":[{"href":"https:\/\/www.ernstbrunn-apotheke.at\/katalog\/wp-json\/wp\/v2\/product\/14589","targetHints":{"allow":["GET"]}}],"collection":[{"href":"https:\/\/www.ernstbrunn-apotheke.at\/katalog\/wp-json\/wp\/v2\/product"}],"about":[{"href":"https:\/\/www.ernstbrunn-apotheke.at\/katalog\/wp-json\/wp\/v2\/types\/product"}],"wp:featuredmedia":[{"embeddable":true,"href":"https:\/\/www.ernstbrunn-apotheke.at\/katalog\/wp-json\/wp\/v2\/media\/14591"}],"wp:attachment":[{"href":"https:\/\/www.ernstbrunn-apotheke.at\/katalog\/wp-json\/wp\/v2\/media?parent=14589"}],"wp:term":[{"taxonomy":"product_brand","embeddable":true,"href":"https:\/\/www.ernstbrunn-apotheke.at\/katalog\/wp-json\/wp\/v2\/product_brand?post=14589"},{"taxonomy":"product_cat","embeddable":true,"href":"https:\/\/www.ernstbrunn-apotheke.at\/katalog\/wp-json\/wp\/v2\/product_cat?post=14589"},{"taxonomy":"product_tag","embeddable":true,"href":"https:\/\/www.ernstbrunn-apotheke.at\/katalog\/wp-json\/wp\/v2\/product_tag?post=14589"}],"curies":[{"name":"wp","href":"https:\/\/api.w.org\/{rel}","templated":true}]}}