{"id":145857,"date":"2025-11-17T06:14:26","date_gmt":"2025-11-17T05:14:26","guid":{"rendered":"https:\/\/www.ernstbrunn-apotheke.at\/katalog\/produkt\/rescue-tropfen-kids-alkoholfrei-10-ml\/"},"modified":"2025-12-09T10:57:24","modified_gmt":"2025-12-09T09:57:24","slug":"rescue-tropfen-kids-alkoholfrei-10-ml","status":"publish","type":"product","link":"https:\/\/www.ernstbrunn-apotheke.at\/katalog\/produkt\/rescue-tropfen-kids-alkoholfrei-10-ml\/","title":{"rendered":"RESCUE Tropfen KIDS Alkoholfrei 10 ml"},"content":{"rendered":"<p>Original Bach RESCUE\u00ae Tropfen k\u00f6nnen inemotional herausfordernden SituationenUnterst\u00fctzung bieten und zur Beruhigungbeitragen.Alkoholfreier Auszug aus den Bach\u00ae-Bl\u00fctenDr\u00fcsentragendes Springkraut, Doldiger Milchstern,Kirschpflaume, Gelbes Sonnenr\u00f6schen und Wei\u00dfeWaldrebe.Die 38 Original Bach-Bl\u00fctenessenzen\u00ae &#038; dieOriginal Bach\u00ae-Bl\u00fctenmischung RESCUE\u00ae wurdein den 1930er Jahren von dem Engl\u00e4nder EdwardBach konzipiert.<\/p>\n","protected":false},"excerpt":{"rendered":"<p>Original Bach RESCUE\u00ae Tropfen k\u00f6nnen inemotional herausfordernden SituationenUnterst\u00fctzung bieten und zur Beruhigungbeitragen.Alkoholfreier Auszug aus den Bach\u00ae-Bl\u00fctenDr\u00fcsentragendes Springkraut, Doldiger Milchstern,Kirschpflaume, Gelbes Sonnenr\u00f6schen und Wei\u00dfeWaldrebe.Die 38 Original Bach-Bl\u00fctenessenzen\u00ae &#038; dieOriginal Bach\u00ae-Bl\u00fctenmischung RESCUE\u00ae wurdein den 1930er Jahren von dem Engl\u00e4nder EdwardBach konzipiert.<\/p>\n","protected":false},"featured_media":145859,"template":"","meta":{"_acf_changed":false},"product_brand":[],"product_cat":[808],"product_tag":[],"class_list":{"0":"post-145857","1":"product","2":"type-product","3":"status-publish","4":"has-post-thumbnail","6":"product_cat-r","7":"pa_packungsgroesse-10ml","9":"first","10":"instock","11":"shipping-taxable","12":"purchasable","13":"product-type-simple"},"acf":[],"_links":{"self":[{"href":"https:\/\/www.ernstbrunn-apotheke.at\/katalog\/wp-json\/wp\/v2\/product\/145857","targetHints":{"allow":["GET"]}}],"collection":[{"href":"https:\/\/www.ernstbrunn-apotheke.at\/katalog\/wp-json\/wp\/v2\/product"}],"about":[{"href":"https:\/\/www.ernstbrunn-apotheke.at\/katalog\/wp-json\/wp\/v2\/types\/product"}],"wp:featuredmedia":[{"embeddable":true,"href":"https:\/\/www.ernstbrunn-apotheke.at\/katalog\/wp-json\/wp\/v2\/media\/145859"}],"wp:attachment":[{"href":"https:\/\/www.ernstbrunn-apotheke.at\/katalog\/wp-json\/wp\/v2\/media?parent=145857"}],"wp:term":[{"taxonomy":"product_brand","embeddable":true,"href":"https:\/\/www.ernstbrunn-apotheke.at\/katalog\/wp-json\/wp\/v2\/product_brand?post=145857"},{"taxonomy":"product_cat","embeddable":true,"href":"https:\/\/www.ernstbrunn-apotheke.at\/katalog\/wp-json\/wp\/v2\/product_cat?post=145857"},{"taxonomy":"product_tag","embeddable":true,"href":"https:\/\/www.ernstbrunn-apotheke.at\/katalog\/wp-json\/wp\/v2\/product_tag?post=145857"}],"curies":[{"name":"wp","href":"https:\/\/api.w.org\/{rel}","templated":true}]}}