{"id":145642,"date":"2025-11-15T00:15:26","date_gmt":"2025-11-14T23:15:26","guid":{"rendered":"https:\/\/www.ernstbrunn-apotheke.at\/katalog\/produkt\/aureliasan-weihrauch-lotion-200-ml\/"},"modified":"2025-12-09T10:56:33","modified_gmt":"2025-12-09T09:56:33","slug":"aureliasan-weihrauch-lotion-200-ml","status":"publish","type":"product","link":"https:\/\/www.ernstbrunn-apotheke.at\/katalog\/produkt\/aureliasan-weihrauch-lotion-200-ml\/","title":{"rendered":"Aureliasan Weihrauch Lotion 200 ml"},"content":{"rendered":"<p>Aureliasan Weihrauch Lotion ist die ideale Pflege bei sehr trockener und schuppender Haut, wenn viele K\u00f6rperstellen gro\u00dffl\u00e4chig betroffen sind. Sie pflegt sehr nachhaltig durch ihre Wirkstoffkombination, l\u00e4sst sich angenehm verteilen und zieht schnell ein. Der spezielle AureliaSan-Weihrauch-Extrakt hilft bei der Regeneration der strapazierten Haut und nimmt das Spannungsgef\u00fchl.<\/p>\n","protected":false},"excerpt":{"rendered":"<p>Aureliasan Weihrauch Lotion ist die ideale Pflege bei sehr trockener und schuppender Haut, wenn viele K\u00f6rperstellen gro\u00dffl\u00e4chig betroffen sind. Sie pflegt sehr nachhaltig durch ihre Wirkstoffkombination, l\u00e4sst sich angenehm verteilen und zieht schnell ein. Der spezielle AureliaSan-Weihrauch-Extrakt hilft bei der Regeneration der strapazierten Haut und nimmt das Spannungsgef\u00fchl.<\/p>\n","protected":false},"featured_media":0,"template":"","meta":{"_acf_changed":false},"product_brand":[],"product_cat":[801],"product_tag":[],"class_list":{"0":"post-145642","1":"product","2":"type-product","3":"status-publish","5":"product_cat-a","6":"pa_packungsgroesse-200ml","8":"first","9":"instock","10":"shipping-taxable","11":"purchasable","12":"product-type-simple"},"acf":[],"_links":{"self":[{"href":"https:\/\/www.ernstbrunn-apotheke.at\/katalog\/wp-json\/wp\/v2\/product\/145642","targetHints":{"allow":["GET"]}}],"collection":[{"href":"https:\/\/www.ernstbrunn-apotheke.at\/katalog\/wp-json\/wp\/v2\/product"}],"about":[{"href":"https:\/\/www.ernstbrunn-apotheke.at\/katalog\/wp-json\/wp\/v2\/types\/product"}],"wp:attachment":[{"href":"https:\/\/www.ernstbrunn-apotheke.at\/katalog\/wp-json\/wp\/v2\/media?parent=145642"}],"wp:term":[{"taxonomy":"product_brand","embeddable":true,"href":"https:\/\/www.ernstbrunn-apotheke.at\/katalog\/wp-json\/wp\/v2\/product_brand?post=145642"},{"taxonomy":"product_cat","embeddable":true,"href":"https:\/\/www.ernstbrunn-apotheke.at\/katalog\/wp-json\/wp\/v2\/product_cat?post=145642"},{"taxonomy":"product_tag","embeddable":true,"href":"https:\/\/www.ernstbrunn-apotheke.at\/katalog\/wp-json\/wp\/v2\/product_tag?post=145642"}],"curies":[{"name":"wp","href":"https:\/\/api.w.org\/{rel}","templated":true}]}}