{"id":144458,"date":"2025-11-14T23:28:36","date_gmt":"2025-11-14T22:28:36","guid":{"rendered":"https:\/\/www.ernstbrunn-apotheke.at\/katalog\/produkt\/biokosma-shampoo-volume-shine-hollerblueten-200-ml\/"},"modified":"2025-12-09T10:51:43","modified_gmt":"2025-12-09T09:51:43","slug":"biokosma-shampoo-volume-shine-hollerblueten-200-ml","status":"publish","type":"product","link":"https:\/\/www.ernstbrunn-apotheke.at\/katalog\/produkt\/biokosma-shampoo-volume-shine-hollerblueten-200-ml\/","title":{"rendered":"Biokosma Shampoo Volume &#038; Shine Hollerbl\u00fcten 200 ml"},"content":{"rendered":"<p>Biokosma Shampoo Volume &#038; Shine Hollerbl\u00fcten reinigt mit Hilfe hochwertiger Pflanzenextrakte aus Holunderbl\u00fcten, Nachtkerzen und Hafer sanft das feine Haar und gibt ihm mehr F\u00fclle und Spannkraft. Broccolisamen\u00f6l pflegt und sch\u00fctzt die empfindliche Kopfhaut. Auch f\u00fcr Kinderhaar geeignet.<\/p>\n","protected":false},"excerpt":{"rendered":"<p>Biokosma Shampoo Volume &#038; Shine Hollerbl\u00fcten reinigt mit Hilfe hochwertiger Pflanzenextrakte aus Holunderbl\u00fcten, Nachtkerzen und Hafer sanft das feine Haar und gibt ihm mehr F\u00fclle und Spannkraft. Broccolisamen\u00f6l pflegt und sch\u00fctzt die empfindliche Kopfhaut. Auch f\u00fcr Kinderhaar geeignet.<\/p>\n","protected":false},"featured_media":144460,"template":"","meta":{"_acf_changed":false},"product_brand":[],"product_cat":[802],"product_tag":[],"class_list":{"0":"post-144458","1":"product","2":"type-product","3":"status-publish","4":"has-post-thumbnail","6":"product_cat-b","7":"pa_packungsgroesse-200ml","9":"first","10":"instock","11":"shipping-taxable","12":"purchasable","13":"product-type-simple"},"acf":[],"_links":{"self":[{"href":"https:\/\/www.ernstbrunn-apotheke.at\/katalog\/wp-json\/wp\/v2\/product\/144458","targetHints":{"allow":["GET"]}}],"collection":[{"href":"https:\/\/www.ernstbrunn-apotheke.at\/katalog\/wp-json\/wp\/v2\/product"}],"about":[{"href":"https:\/\/www.ernstbrunn-apotheke.at\/katalog\/wp-json\/wp\/v2\/types\/product"}],"wp:featuredmedia":[{"embeddable":true,"href":"https:\/\/www.ernstbrunn-apotheke.at\/katalog\/wp-json\/wp\/v2\/media\/144460"}],"wp:attachment":[{"href":"https:\/\/www.ernstbrunn-apotheke.at\/katalog\/wp-json\/wp\/v2\/media?parent=144458"}],"wp:term":[{"taxonomy":"product_brand","embeddable":true,"href":"https:\/\/www.ernstbrunn-apotheke.at\/katalog\/wp-json\/wp\/v2\/product_brand?post=144458"},{"taxonomy":"product_cat","embeddable":true,"href":"https:\/\/www.ernstbrunn-apotheke.at\/katalog\/wp-json\/wp\/v2\/product_cat?post=144458"},{"taxonomy":"product_tag","embeddable":true,"href":"https:\/\/www.ernstbrunn-apotheke.at\/katalog\/wp-json\/wp\/v2\/product_tag?post=144458"}],"curies":[{"name":"wp","href":"https:\/\/api.w.org\/{rel}","templated":true}]}}