{"id":144445,"date":"2025-11-14T23:28:36","date_gmt":"2025-11-14T22:28:36","guid":{"rendered":"https:\/\/www.ernstbrunn-apotheke.at\/katalog\/produkt\/guam-algenfango-kurpackung-waerme-1-stk\/"},"modified":"2025-12-09T10:51:41","modified_gmt":"2025-12-09T09:51:41","slug":"guam-algenfango-kurpackung-waerme-1-stk","status":"publish","type":"product","link":"https:\/\/www.ernstbrunn-apotheke.at\/katalog\/produkt\/guam-algenfango-kurpackung-waerme-1-stk\/","title":{"rendered":"Guam Algenfango Kurpackung W\u00e4rme 1 Stk."},"content":{"rendered":"<p>Guam Algenfango Kurpackung W\u00e4rme ist das beliebteste Produkt aus der Guam Linie. Den Fango k\u00f6nnen Sie als Algenwickel sowohl gezielt f\u00fcr die Behandlung von Oberschenkel, Po, Bauch, H\u00fcfte und Oberarme anwenden als auch gleich als Ganzk\u00f6rperwickel. Das hautstraffende Gel k\u00fchlt und beruhigt die Haut nach der Anwendung.<\/p>\n","protected":false},"excerpt":{"rendered":"<p>Guam Algenfango Kurpackung W\u00e4rme ist das beliebteste Produkt aus der Guam Linie. Den Fango k\u00f6nnen Sie als Algenwickel sowohl gezielt f\u00fcr die Behandlung von Oberschenkel, Po, Bauch, H\u00fcfte und Oberarme anwenden als auch gleich als Ganzk\u00f6rperwickel. Das hautstraffende Gel k\u00fchlt und beruhigt die Haut nach der Anwendung.<\/p>\n","protected":false},"featured_media":144447,"template":"","meta":{"_acf_changed":false},"product_brand":[],"product_cat":[810],"product_tag":[],"class_list":{"0":"post-144445","1":"product","2":"type-product","3":"status-publish","4":"has-post-thumbnail","6":"product_cat-g","7":"pa_packungsgroesse-500","9":"first","10":"instock","11":"shipping-taxable","12":"purchasable","13":"product-type-simple"},"acf":[],"_links":{"self":[{"href":"https:\/\/www.ernstbrunn-apotheke.at\/katalog\/wp-json\/wp\/v2\/product\/144445","targetHints":{"allow":["GET"]}}],"collection":[{"href":"https:\/\/www.ernstbrunn-apotheke.at\/katalog\/wp-json\/wp\/v2\/product"}],"about":[{"href":"https:\/\/www.ernstbrunn-apotheke.at\/katalog\/wp-json\/wp\/v2\/types\/product"}],"wp:featuredmedia":[{"embeddable":true,"href":"https:\/\/www.ernstbrunn-apotheke.at\/katalog\/wp-json\/wp\/v2\/media\/144447"}],"wp:attachment":[{"href":"https:\/\/www.ernstbrunn-apotheke.at\/katalog\/wp-json\/wp\/v2\/media?parent=144445"}],"wp:term":[{"taxonomy":"product_brand","embeddable":true,"href":"https:\/\/www.ernstbrunn-apotheke.at\/katalog\/wp-json\/wp\/v2\/product_brand?post=144445"},{"taxonomy":"product_cat","embeddable":true,"href":"https:\/\/www.ernstbrunn-apotheke.at\/katalog\/wp-json\/wp\/v2\/product_cat?post=144445"},{"taxonomy":"product_tag","embeddable":true,"href":"https:\/\/www.ernstbrunn-apotheke.at\/katalog\/wp-json\/wp\/v2\/product_tag?post=144445"}],"curies":[{"name":"wp","href":"https:\/\/api.w.org\/{rel}","templated":true}]}}