{"id":144272,"date":"2025-11-14T23:23:27","date_gmt":"2025-11-14T22:23:27","guid":{"rendered":"https:\/\/www.ernstbrunn-apotheke.at\/katalog\/produkt\/em-eukal-bonbons-wildkirsche-zuckerfrei-box-50-g\/"},"modified":"2025-12-09T10:51:21","modified_gmt":"2025-12-09T09:51:21","slug":"em-eukal-bonbons-wildkirsche-zuckerfrei-box-50-g","status":"publish","type":"product","link":"https:\/\/www.ernstbrunn-apotheke.at\/katalog\/produkt\/em-eukal-bonbons-wildkirsche-zuckerfrei-box-50-g\/","title":{"rendered":"Em-Eukal Bonbons Wildkirsche zuckerfrei Box 50 g"},"content":{"rendered":"<p>Die Em-Eukal Wildkirsche Bonbons zuckerfrei vertreiben Hustenreiz und Trockenheit und lassen einen kratzigen Hals die angenehme S\u00fc\u00dfe der Wildkirschen sp\u00fcren. Die feine Kr\u00e4uterzubereitung, bestehend aus Kirschsaftkonzentrat, Menthol und Eukalyptus\u00f6l sorgt f\u00fcr ein tiefes und entspanntes Durchatmen und macht den Hals schnell wieder frei. Der ideale Wegbegleiter w\u00e4hrend der Erk\u00e4ltungszeit.<\/p>\n","protected":false},"excerpt":{"rendered":"<p>Die Em-Eukal Wildkirsche Bonbons zuckerfrei vertreiben Hustenreiz und Trockenheit und lassen einen kratzigen Hals die angenehme S\u00fc\u00dfe der Wildkirschen sp\u00fcren. Die feine Kr\u00e4uterzubereitung, bestehend aus Kirschsaftkonzentrat, Menthol und Eukalyptus\u00f6l sorgt f\u00fcr ein tiefes und entspanntes Durchatmen und macht den Hals schnell wieder frei. Der ideale Wegbegleiter w\u00e4hrend der Erk\u00e4ltungszeit.<\/p>\n","protected":false},"featured_media":144274,"template":"","meta":{"_acf_changed":false},"product_brand":[1100],"product_cat":[794],"product_tag":[],"class_list":{"0":"post-144272","1":"product","2":"type-product","3":"status-publish","4":"has-post-thumbnail","6":"product_brand-em-eukal","7":"product_cat-e","8":"pa_packungsgroesse-50g","10":"first","11":"instock","12":"shipping-taxable","13":"purchasable","14":"product-type-simple"},"acf":[],"_links":{"self":[{"href":"https:\/\/www.ernstbrunn-apotheke.at\/katalog\/wp-json\/wp\/v2\/product\/144272","targetHints":{"allow":["GET"]}}],"collection":[{"href":"https:\/\/www.ernstbrunn-apotheke.at\/katalog\/wp-json\/wp\/v2\/product"}],"about":[{"href":"https:\/\/www.ernstbrunn-apotheke.at\/katalog\/wp-json\/wp\/v2\/types\/product"}],"wp:featuredmedia":[{"embeddable":true,"href":"https:\/\/www.ernstbrunn-apotheke.at\/katalog\/wp-json\/wp\/v2\/media\/144274"}],"wp:attachment":[{"href":"https:\/\/www.ernstbrunn-apotheke.at\/katalog\/wp-json\/wp\/v2\/media?parent=144272"}],"wp:term":[{"taxonomy":"product_brand","embeddable":true,"href":"https:\/\/www.ernstbrunn-apotheke.at\/katalog\/wp-json\/wp\/v2\/product_brand?post=144272"},{"taxonomy":"product_cat","embeddable":true,"href":"https:\/\/www.ernstbrunn-apotheke.at\/katalog\/wp-json\/wp\/v2\/product_cat?post=144272"},{"taxonomy":"product_tag","embeddable":true,"href":"https:\/\/www.ernstbrunn-apotheke.at\/katalog\/wp-json\/wp\/v2\/product_tag?post=144272"}],"curies":[{"name":"wp","href":"https:\/\/api.w.org\/{rel}","templated":true}]}}