{"id":144224,"date":"2025-11-14T23:21:47","date_gmt":"2025-11-14T22:21:47","guid":{"rendered":"https:\/\/www.ernstbrunn-apotheke.at\/katalog\/produkt\/speick-natural-aktiv-body-lotion-150-ml\/"},"modified":"2025-12-09T10:51:13","modified_gmt":"2025-12-09T09:51:13","slug":"speick-natural-aktiv-body-lotion-150-ml","status":"publish","type":"product","link":"https:\/\/www.ernstbrunn-apotheke.at\/katalog\/produkt\/speick-natural-aktiv-body-lotion-150-ml\/","title":{"rendered":"Speick Natural Aktiv Body Lotion 150 ml"},"content":{"rendered":"<p>Die SPEICK natural Aktiv Body Lotion ist eine erfrischende und intensive Feuchtigkeit spendende K\u00f6rperlotion f\u00fcr alle Hauttypen und die optimale Portion Extrapflege zur Vitalisierung der Haut. Bio-Aloe vera-Gel, Zuckerr\u00fcben- Extrakt und pflanzliches Glyzerin sorgen f\u00fcr einen ausgeglichenen Feuchtigkeitshaushalt, Vitamin E sch\u00fctzt die Zellen und unterst\u00fctzt die Zellerneuerung und Vitamin F normalisiert den Fettstoffwechsel der Haut. Die K\u00f6rperlotion zieht schnell ein, belebt die Haut sofort und wird von einem frischen Duft umh\u00fcllt. Zudem ist das Produkt v\u00f6llig frei von synthetischen Duft-, Farb- und Konservierungsstoffen sowie Silikonen und Parabenen.<\/p>\n","protected":false},"excerpt":{"rendered":"<p>Die SPEICK natural Aktiv Body Lotion ist eine erfrischende und intensive Feuchtigkeit spendende K\u00f6rperlotion f\u00fcr alle Hauttypen und die optimale Portion Extrapflege zur Vitalisierung der Haut. Bio-Aloe vera-Gel, Zuckerr\u00fcben- Extrakt und pflanzliches Glyzerin sorgen f\u00fcr einen ausgeglichenen Feuchtigkeitshaushalt, Vitamin E sch\u00fctzt die Zellen und unterst\u00fctzt die Zellerneuerung und Vitamin F normalisiert den Fettstoffwechsel der Haut. [&hellip;]<\/p>\n","protected":false},"featured_media":144226,"template":"","meta":{"_acf_changed":false},"product_brand":[],"product_cat":[791],"product_tag":[],"class_list":{"0":"post-144224","1":"product","2":"type-product","3":"status-publish","4":"has-post-thumbnail","6":"product_cat-s","7":"pa_packungsgroesse-150ml","9":"first","10":"instock","11":"shipping-taxable","12":"purchasable","13":"product-type-simple"},"acf":[],"_links":{"self":[{"href":"https:\/\/www.ernstbrunn-apotheke.at\/katalog\/wp-json\/wp\/v2\/product\/144224","targetHints":{"allow":["GET"]}}],"collection":[{"href":"https:\/\/www.ernstbrunn-apotheke.at\/katalog\/wp-json\/wp\/v2\/product"}],"about":[{"href":"https:\/\/www.ernstbrunn-apotheke.at\/katalog\/wp-json\/wp\/v2\/types\/product"}],"wp:featuredmedia":[{"embeddable":true,"href":"https:\/\/www.ernstbrunn-apotheke.at\/katalog\/wp-json\/wp\/v2\/media\/144226"}],"wp:attachment":[{"href":"https:\/\/www.ernstbrunn-apotheke.at\/katalog\/wp-json\/wp\/v2\/media?parent=144224"}],"wp:term":[{"taxonomy":"product_brand","embeddable":true,"href":"https:\/\/www.ernstbrunn-apotheke.at\/katalog\/wp-json\/wp\/v2\/product_brand?post=144224"},{"taxonomy":"product_cat","embeddable":true,"href":"https:\/\/www.ernstbrunn-apotheke.at\/katalog\/wp-json\/wp\/v2\/product_cat?post=144224"},{"taxonomy":"product_tag","embeddable":true,"href":"https:\/\/www.ernstbrunn-apotheke.at\/katalog\/wp-json\/wp\/v2\/product_tag?post=144224"}],"curies":[{"name":"wp","href":"https:\/\/api.w.org\/{rel}","templated":true}]}}