{"id":144196,"date":"2025-11-14T23:21:14","date_gmt":"2025-11-14T22:21:14","guid":{"rendered":"https:\/\/www.ernstbrunn-apotheke.at\/katalog\/produkt\/speick-natural-aktiv-shampoo-200-ml\/"},"modified":"2025-12-09T10:51:07","modified_gmt":"2025-12-09T09:51:07","slug":"speick-natural-aktiv-shampoo-200-ml","status":"publish","type":"product","link":"https:\/\/www.ernstbrunn-apotheke.at\/katalog\/produkt\/speick-natural-aktiv-shampoo-200-ml\/","title":{"rendered":"Speick Natural Aktiv Shampoo 200 ml"},"content":{"rendered":"<p>Das SPEICK natural Aktiv Shampoo enth\u00e4lt nat\u00fcrliches Koffein aus Guarana-Extrakt und eignet sich besonders zur Kr\u00e4ftigung von geschw\u00e4chtem Haar sowie zur Unterst\u00fctzung der optimalen N\u00e4hrstoffversorgung der Haarwurzeln. Zuckerr\u00fcben-Extrakt als nat\u00fcrlicher Feuchtigkeitsspender verhindert die Austrocknung der Haare, Fair Trade Argan\u00f6l macht das Haar geschmeidig und verleiht nat\u00fcrlichen Glanz und hochalpiner Speick-Extrakt wirkt zusammen mit einer Duftkomposition aus \u00e4therischen \u00d6len harmonisierend auf die Kopfhaut und das Haar. Milde Waschsubstanzen reinigen sanft mit reichhaltigem Schaum. Zudem ist das Produkt v\u00f6llig frei von synthetischen Duft-, Farb- und Konservierungsstoffen sowie Silikonen und Parabenen.<\/p>\n","protected":false},"excerpt":{"rendered":"<p>Das SPEICK natural Aktiv Shampoo enth\u00e4lt nat\u00fcrliches Koffein aus Guarana-Extrakt und eignet sich besonders zur Kr\u00e4ftigung von geschw\u00e4chtem Haar sowie zur Unterst\u00fctzung der optimalen N\u00e4hrstoffversorgung der Haarwurzeln. Zuckerr\u00fcben-Extrakt als nat\u00fcrlicher Feuchtigkeitsspender verhindert die Austrocknung der Haare, Fair Trade Argan\u00f6l macht das Haar geschmeidig und verleiht nat\u00fcrlichen Glanz und hochalpiner Speick-Extrakt wirkt zusammen mit einer Duftkomposition [&hellip;]<\/p>\n","protected":false},"featured_media":144198,"template":"","meta":{"_acf_changed":false},"product_brand":[],"product_cat":[791],"product_tag":[],"class_list":{"0":"post-144196","1":"product","2":"type-product","3":"status-publish","4":"has-post-thumbnail","6":"product_cat-s","7":"pa_packungsgroesse-200ml","9":"first","10":"instock","11":"shipping-taxable","12":"purchasable","13":"product-type-simple"},"acf":[],"_links":{"self":[{"href":"https:\/\/www.ernstbrunn-apotheke.at\/katalog\/wp-json\/wp\/v2\/product\/144196","targetHints":{"allow":["GET"]}}],"collection":[{"href":"https:\/\/www.ernstbrunn-apotheke.at\/katalog\/wp-json\/wp\/v2\/product"}],"about":[{"href":"https:\/\/www.ernstbrunn-apotheke.at\/katalog\/wp-json\/wp\/v2\/types\/product"}],"wp:featuredmedia":[{"embeddable":true,"href":"https:\/\/www.ernstbrunn-apotheke.at\/katalog\/wp-json\/wp\/v2\/media\/144198"}],"wp:attachment":[{"href":"https:\/\/www.ernstbrunn-apotheke.at\/katalog\/wp-json\/wp\/v2\/media?parent=144196"}],"wp:term":[{"taxonomy":"product_brand","embeddable":true,"href":"https:\/\/www.ernstbrunn-apotheke.at\/katalog\/wp-json\/wp\/v2\/product_brand?post=144196"},{"taxonomy":"product_cat","embeddable":true,"href":"https:\/\/www.ernstbrunn-apotheke.at\/katalog\/wp-json\/wp\/v2\/product_cat?post=144196"},{"taxonomy":"product_tag","embeddable":true,"href":"https:\/\/www.ernstbrunn-apotheke.at\/katalog\/wp-json\/wp\/v2\/product_tag?post=144196"}],"curies":[{"name":"wp","href":"https:\/\/api.w.org\/{rel}","templated":true}]}}