{"id":14416,"date":"2025-11-07T15:22:51","date_gmt":"2025-11-07T14:22:51","guid":{"rendered":"https:\/\/www.ernstbrunn-apotheke.at\/katalog\/produkt\/tantum-verde-loesung-zum-gurgeln\/"},"modified":"2025-12-08T13:38:49","modified_gmt":"2025-12-08T12:38:49","slug":"tantum-verde-loesung-zum-gurgeln","status":"publish","type":"product","link":"https:\/\/www.ernstbrunn-apotheke.at\/katalog\/produkt\/tantum-verde-loesung-zum-gurgeln\/","title":{"rendered":"Tantum Verde L\u00f6sung zum Gurgeln"},"content":{"rendered":"<p>Tantum Verde L\u00f6sung zum Gurgeln wird zur Behandlung von schmerzhaften Entz\u00fcndungen im Hals- und Rachenbereich angewendet. Die L\u00f6sung wirkt entz\u00fcndungshemmend und schmerzlindernd.<\/p>\n","protected":false},"excerpt":{"rendered":"<p>Tantum Verde L\u00f6sung zum Gurgeln wird zur Behandlung von schmerzhaften Entz\u00fcndungen im Hals- und Rachenbereich angewendet. Die L\u00f6sung wirkt entz\u00fcndungshemmend und schmerzlindernd.<\/p>\n","protected":false},"featured_media":14418,"template":"","meta":{"_acf_changed":false},"product_brand":[538],"product_cat":[798],"product_tag":[],"class_list":{"0":"post-14416","1":"product","2":"type-product","3":"status-publish","4":"has-post-thumbnail","6":"product_brand-tantum-verde","7":"product_cat-t","8":"pa_packungsgroesse-120ml","9":"pa_packungsgroesse-240ml","11":"first","12":"instock","13":"shipping-taxable","14":"purchasable","15":"product-type-simple"},"acf":[],"_links":{"self":[{"href":"https:\/\/www.ernstbrunn-apotheke.at\/katalog\/wp-json\/wp\/v2\/product\/14416","targetHints":{"allow":["GET"]}}],"collection":[{"href":"https:\/\/www.ernstbrunn-apotheke.at\/katalog\/wp-json\/wp\/v2\/product"}],"about":[{"href":"https:\/\/www.ernstbrunn-apotheke.at\/katalog\/wp-json\/wp\/v2\/types\/product"}],"wp:featuredmedia":[{"embeddable":true,"href":"https:\/\/www.ernstbrunn-apotheke.at\/katalog\/wp-json\/wp\/v2\/media\/14418"}],"wp:attachment":[{"href":"https:\/\/www.ernstbrunn-apotheke.at\/katalog\/wp-json\/wp\/v2\/media?parent=14416"}],"wp:term":[{"taxonomy":"product_brand","embeddable":true,"href":"https:\/\/www.ernstbrunn-apotheke.at\/katalog\/wp-json\/wp\/v2\/product_brand?post=14416"},{"taxonomy":"product_cat","embeddable":true,"href":"https:\/\/www.ernstbrunn-apotheke.at\/katalog\/wp-json\/wp\/v2\/product_cat?post=14416"},{"taxonomy":"product_tag","embeddable":true,"href":"https:\/\/www.ernstbrunn-apotheke.at\/katalog\/wp-json\/wp\/v2\/product_tag?post=14416"}],"curies":[{"name":"wp","href":"https:\/\/api.w.org\/{rel}","templated":true}]}}