{"id":14395,"date":"2025-11-07T15:22:26","date_gmt":"2025-11-07T14:22:26","guid":{"rendered":"https:\/\/www.ernstbrunn-apotheke.at\/katalog\/produkt\/neo-angin-pastillen-zuckerfrei\/"},"modified":"2025-12-08T13:38:45","modified_gmt":"2025-12-08T12:38:45","slug":"neo-angin-pastillen-zuckerfrei","status":"publish","type":"product","link":"https:\/\/www.ernstbrunn-apotheke.at\/katalog\/produkt\/neo-angin-pastillen-zuckerfrei\/","title":{"rendered":"neo-angin Pastillen Zuckerfrei"},"content":{"rendered":"<p>Bei neo-angin Pastillen handelt es sich um ein antiseptisch wirkendes Arzneimittel f\u00fcr Mund und Rachen. neo-angin sind Pastillen zur Anwendung bei Halsschmerzen, Rachenkatarrh, Heiserkeit, Erk\u00e4ltungen, Angina, Entz\u00fcndungen des Mund- und Rachenraumes (Pharyngitis) sowie Entz\u00fcndungen des Zahnfleisches bei Erwachsenen, Jugendlichen und Kindern ab sechs Jahren. Zuckerfrei.<\/p>\n","protected":false},"excerpt":{"rendered":"<p>Bei neo-angin Pastillen handelt es sich um ein antiseptisch wirkendes Arzneimittel f\u00fcr Mund und Rachen. neo-angin sind Pastillen zur Anwendung bei Halsschmerzen, Rachenkatarrh, Heiserkeit, Erk\u00e4ltungen, Angina, Entz\u00fcndungen des Mund- und Rachenraumes (Pharyngitis) sowie Entz\u00fcndungen des Zahnfleisches bei Erwachsenen, Jugendlichen und Kindern ab sechs Jahren. Zuckerfrei.<\/p>\n","protected":false},"featured_media":6448,"template":"","meta":{"_acf_changed":false},"product_brand":[325],"product_cat":[797],"product_tag":[],"class_list":{"0":"post-14395","1":"product","2":"type-product","3":"status-publish","4":"has-post-thumbnail","6":"product_brand-neo-angin","7":"product_cat-n","8":"pa_farbe-rot","9":"pa_geschmack-anis-scharfer-geschmack","10":"pa_packungsgroesse-24-stueck","11":"pa_packungsgroesse-48-stueck","13":"first","14":"instock","15":"shipping-taxable","16":"purchasable","17":"product-type-simple"},"acf":[],"_links":{"self":[{"href":"https:\/\/www.ernstbrunn-apotheke.at\/katalog\/wp-json\/wp\/v2\/product\/14395","targetHints":{"allow":["GET"]}}],"collection":[{"href":"https:\/\/www.ernstbrunn-apotheke.at\/katalog\/wp-json\/wp\/v2\/product"}],"about":[{"href":"https:\/\/www.ernstbrunn-apotheke.at\/katalog\/wp-json\/wp\/v2\/types\/product"}],"wp:featuredmedia":[{"embeddable":true,"href":"https:\/\/www.ernstbrunn-apotheke.at\/katalog\/wp-json\/wp\/v2\/media\/6448"}],"wp:attachment":[{"href":"https:\/\/www.ernstbrunn-apotheke.at\/katalog\/wp-json\/wp\/v2\/media?parent=14395"}],"wp:term":[{"taxonomy":"product_brand","embeddable":true,"href":"https:\/\/www.ernstbrunn-apotheke.at\/katalog\/wp-json\/wp\/v2\/product_brand?post=14395"},{"taxonomy":"product_cat","embeddable":true,"href":"https:\/\/www.ernstbrunn-apotheke.at\/katalog\/wp-json\/wp\/v2\/product_cat?post=14395"},{"taxonomy":"product_tag","embeddable":true,"href":"https:\/\/www.ernstbrunn-apotheke.at\/katalog\/wp-json\/wp\/v2\/product_tag?post=14395"}],"curies":[{"name":"wp","href":"https:\/\/api.w.org\/{rel}","templated":true}]}}