{"id":143123,"date":"2025-11-14T22:55:51","date_gmt":"2025-11-14T21:55:51","guid":{"rendered":"https:\/\/www.ernstbrunn-apotheke.at\/katalog\/produkt\/madara-time-miracle-hydra-firm-concentrate-jelly-75-ml\/"},"modified":"2025-12-09T10:47:10","modified_gmt":"2025-12-09T09:47:10","slug":"madara-time-miracle-hydra-firm-concentrate-jelly-75-ml","status":"publish","type":"product","link":"https:\/\/www.ernstbrunn-apotheke.at\/katalog\/produkt\/madara-time-miracle-hydra-firm-concentrate-jelly-75-ml\/","title":{"rendered":"Madara Time Miracle Hydra Firm Concentrate Jelly 75 ml"},"content":{"rendered":"<p>Time miracle Hydra Firm Concentrate Jelly &#8211; mit einer Superdosis an nordischem Birkenwasser und multi-molekularer Hyalurons\u00e4ure versorgt dieses beruhigende, alter-abwehrende Hydra-Konzentrat sofort das Bed\u00fcrfnis der Haut und sorgt f\u00fcr eine straffere und j\u00fcnger wirkende Ausstrahlung.  Die Hydrogel-Textur beinhaltet ein Konzentrat aus feuchtigkeitsbindenden Molek\u00fclen f\u00fcr extreme alterungsabwehrende Feuchtigkeit. Die erfrischende, nicht-verstopfende Gel-\u00e4hnliche Textur ist perfekt f\u00fcr alle Hauttypen, inklusive problematischer Haut.<\/p>\n","protected":false},"excerpt":{"rendered":"<p>Time miracle Hydra Firm Concentrate Jelly &#8211; mit einer Superdosis an nordischem Birkenwasser und multi-molekularer Hyalurons\u00e4ure versorgt dieses beruhigende, alter-abwehrende Hydra-Konzentrat sofort das Bed\u00fcrfnis der Haut und sorgt f\u00fcr eine straffere und j\u00fcnger wirkende Ausstrahlung. Die Hydrogel-Textur beinhaltet ein Konzentrat aus feuchtigkeitsbindenden Molek\u00fclen f\u00fcr extreme alterungsabwehrende Feuchtigkeit. Die erfrischende, nicht-verstopfende Gel-\u00e4hnliche Textur ist perfekt f\u00fcr [&hellip;]<\/p>\n","protected":false},"featured_media":143125,"template":"","meta":{"_acf_changed":false},"product_brand":[1253],"product_cat":[800],"product_tag":[],"class_list":{"0":"post-143123","1":"product","2":"type-product","3":"status-publish","4":"has-post-thumbnail","6":"product_brand-madara","7":"product_cat-m","8":"pa_packungsgroesse-75ml","10":"first","11":"instock","12":"shipping-taxable","13":"purchasable","14":"product-type-simple"},"acf":[],"_links":{"self":[{"href":"https:\/\/www.ernstbrunn-apotheke.at\/katalog\/wp-json\/wp\/v2\/product\/143123","targetHints":{"allow":["GET"]}}],"collection":[{"href":"https:\/\/www.ernstbrunn-apotheke.at\/katalog\/wp-json\/wp\/v2\/product"}],"about":[{"href":"https:\/\/www.ernstbrunn-apotheke.at\/katalog\/wp-json\/wp\/v2\/types\/product"}],"wp:featuredmedia":[{"embeddable":true,"href":"https:\/\/www.ernstbrunn-apotheke.at\/katalog\/wp-json\/wp\/v2\/media\/143125"}],"wp:attachment":[{"href":"https:\/\/www.ernstbrunn-apotheke.at\/katalog\/wp-json\/wp\/v2\/media?parent=143123"}],"wp:term":[{"taxonomy":"product_brand","embeddable":true,"href":"https:\/\/www.ernstbrunn-apotheke.at\/katalog\/wp-json\/wp\/v2\/product_brand?post=143123"},{"taxonomy":"product_cat","embeddable":true,"href":"https:\/\/www.ernstbrunn-apotheke.at\/katalog\/wp-json\/wp\/v2\/product_cat?post=143123"},{"taxonomy":"product_tag","embeddable":true,"href":"https:\/\/www.ernstbrunn-apotheke.at\/katalog\/wp-json\/wp\/v2\/product_tag?post=143123"}],"curies":[{"name":"wp","href":"https:\/\/api.w.org\/{rel}","templated":true}]}}