{"id":143106,"date":"2025-11-14T22:55:19","date_gmt":"2025-11-14T21:55:19","guid":{"rendered":"https:\/\/www.ernstbrunn-apotheke.at\/katalog\/produkt\/madara-skin-equal-foundation-nr-30-rose-ivory-30-ml\/"},"modified":"2025-12-09T10:47:07","modified_gmt":"2025-12-09T09:47:07","slug":"madara-skin-equal-foundation-nr-30-rose-ivory-30-ml","status":"publish","type":"product","link":"https:\/\/www.ernstbrunn-apotheke.at\/katalog\/produkt\/madara-skin-equal-foundation-nr-30-rose-ivory-30-ml\/","title":{"rendered":"Madara Skin Equal Foundation Nr. 30 Rose ivory 30 ml"},"content":{"rendered":"<p>Skin equal Foundation ist eine Foundation, die perfekt zu Ihrer Haut passt und in 10 Farben erh\u00e4ltlich ist. Das Zen-Gleichgewicht von sanftem Glanz und anpassungsf\u00e4higer Abdeckung schafft ein glattes, nahtloses und nat\u00fcrlich strahlendes Hautfinish, das kaum geschminkt aussieht. Vollgepackt mit den Vitaminen E + C und antioxidantienreichen Extrakten aus Heidelbeer- und Pfingstrosenwurzel. Zur Aloe Vera Basis kommen noch Hyalurons\u00e4ure und hautidentische, feuchtigkeitsspende Inhaltsstoffe hinzu. Reine Mineralfilter sorgen f\u00fcr ein breites UVA \/ UVB-Schutzspektrum.<\/p>\n","protected":false},"excerpt":{"rendered":"<p>Skin equal Foundation ist eine Foundation, die perfekt zu Ihrer Haut passt und in 10 Farben erh\u00e4ltlich ist. Das Zen-Gleichgewicht von sanftem Glanz und anpassungsf\u00e4higer Abdeckung schafft ein glattes, nahtloses und nat\u00fcrlich strahlendes Hautfinish, das kaum geschminkt aussieht. Vollgepackt mit den Vitaminen E + C und antioxidantienreichen Extrakten aus Heidelbeer- und Pfingstrosenwurzel. Zur Aloe Vera [&hellip;]<\/p>\n","protected":false},"featured_media":143108,"template":"","meta":{"_acf_changed":false},"product_brand":[1253],"product_cat":[800],"product_tag":[],"class_list":{"0":"post-143106","1":"product","2":"type-product","3":"status-publish","4":"has-post-thumbnail","6":"product_brand-madara","7":"product_cat-m","8":"pa_packungsgroesse-30ml","10":"first","11":"instock","12":"shipping-taxable","13":"purchasable","14":"product-type-simple"},"acf":[],"_links":{"self":[{"href":"https:\/\/www.ernstbrunn-apotheke.at\/katalog\/wp-json\/wp\/v2\/product\/143106","targetHints":{"allow":["GET"]}}],"collection":[{"href":"https:\/\/www.ernstbrunn-apotheke.at\/katalog\/wp-json\/wp\/v2\/product"}],"about":[{"href":"https:\/\/www.ernstbrunn-apotheke.at\/katalog\/wp-json\/wp\/v2\/types\/product"}],"wp:featuredmedia":[{"embeddable":true,"href":"https:\/\/www.ernstbrunn-apotheke.at\/katalog\/wp-json\/wp\/v2\/media\/143108"}],"wp:attachment":[{"href":"https:\/\/www.ernstbrunn-apotheke.at\/katalog\/wp-json\/wp\/v2\/media?parent=143106"}],"wp:term":[{"taxonomy":"product_brand","embeddable":true,"href":"https:\/\/www.ernstbrunn-apotheke.at\/katalog\/wp-json\/wp\/v2\/product_brand?post=143106"},{"taxonomy":"product_cat","embeddable":true,"href":"https:\/\/www.ernstbrunn-apotheke.at\/katalog\/wp-json\/wp\/v2\/product_cat?post=143106"},{"taxonomy":"product_tag","embeddable":true,"href":"https:\/\/www.ernstbrunn-apotheke.at\/katalog\/wp-json\/wp\/v2\/product_tag?post=143106"}],"curies":[{"name":"wp","href":"https:\/\/api.w.org\/{rel}","templated":true}]}}