{"id":142950,"date":"2025-11-14T22:51:35","date_gmt":"2025-11-14T21:51:35","guid":{"rendered":"https:\/\/www.ernstbrunn-apotheke.at\/katalog\/produkt\/ueberschuhe-pvc-frei-100-stk\/"},"modified":"2025-12-09T10:46:48","modified_gmt":"2025-12-09T09:46:48","slug":"ueberschuhe-pvc-frei-100-stk","status":"publish","type":"product","link":"https:\/\/www.ernstbrunn-apotheke.at\/katalog\/produkt\/ueberschuhe-pvc-frei-100-stk\/","title":{"rendered":"\u00dcberschuhe PVC-frei 100 Stk."},"content":{"rendered":"<p>\u00dcberschuhe PVC-frei sind OP-\u00dcberschuhe mit Einsatzbereich in Labor, Klinik und der Lebensmittelindustrie. PVC-Frei.<\/p>\n","protected":false},"excerpt":{"rendered":"<p>\u00dcberschuhe PVC-frei sind OP-\u00dcberschuhe mit Einsatzbereich in Labor, Klinik und der Lebensmittelindustrie. PVC-Frei.<\/p>\n","protected":false},"featured_media":0,"template":"","meta":{"_acf_changed":false},"product_brand":[],"product_cat":[801],"product_tag":[],"class_list":{"0":"post-142950","1":"product","2":"type-product","3":"status-publish","5":"product_cat-a","6":"pa_packungsgroesse-100-stueck","8":"first","9":"instock","10":"shipping-taxable","11":"purchasable","12":"product-type-simple"},"acf":[],"_links":{"self":[{"href":"https:\/\/www.ernstbrunn-apotheke.at\/katalog\/wp-json\/wp\/v2\/product\/142950","targetHints":{"allow":["GET"]}}],"collection":[{"href":"https:\/\/www.ernstbrunn-apotheke.at\/katalog\/wp-json\/wp\/v2\/product"}],"about":[{"href":"https:\/\/www.ernstbrunn-apotheke.at\/katalog\/wp-json\/wp\/v2\/types\/product"}],"wp:attachment":[{"href":"https:\/\/www.ernstbrunn-apotheke.at\/katalog\/wp-json\/wp\/v2\/media?parent=142950"}],"wp:term":[{"taxonomy":"product_brand","embeddable":true,"href":"https:\/\/www.ernstbrunn-apotheke.at\/katalog\/wp-json\/wp\/v2\/product_brand?post=142950"},{"taxonomy":"product_cat","embeddable":true,"href":"https:\/\/www.ernstbrunn-apotheke.at\/katalog\/wp-json\/wp\/v2\/product_cat?post=142950"},{"taxonomy":"product_tag","embeddable":true,"href":"https:\/\/www.ernstbrunn-apotheke.at\/katalog\/wp-json\/wp\/v2\/product_tag?post=142950"}],"curies":[{"name":"wp","href":"https:\/\/api.w.org\/{rel}","templated":true}]}}