{"id":142919,"date":"2025-11-14T22:51:03","date_gmt":"2025-11-14T21:51:03","guid":{"rendered":"https:\/\/www.ernstbrunn-apotheke.at\/katalog\/produkt\/vitapas-b-complex-kapseln-60-stk\/"},"modified":"2025-12-09T10:46:45","modified_gmt":"2025-12-09T09:46:45","slug":"vitapas-b-complex-kapseln-60-stk","status":"publish","type":"product","link":"https:\/\/www.ernstbrunn-apotheke.at\/katalog\/produkt\/vitapas-b-complex-kapseln-60-stk\/","title":{"rendered":"Vitapas\u00ae B complex Kapseln 60 Stk."},"content":{"rendered":"<p>Vitapas\u00ae B complex Kapseln 60 Stk. von Pascoe ist ein Nahrungserg\u00e4nzungsmittel mit allen 8 wichtigen Vitaminen des B-Komplexes: zur Unterst\u00fctzung von Nervensystem (z.B. Vitamin B6, Pyridoxin), Energiestoffwechsel (z.B. Niacin, fr\u00fcher als \u201eVitamin B3\u201c bezeichnet) und zur Verringerung von M\u00fcdigkeit und Erm\u00fcdung (z.B. Vitamin B12, Methylcobalamin).<\/p>\n","protected":false},"excerpt":{"rendered":"<p>Vitapas\u00ae B complex Kapseln 60 Stk. von Pascoe ist ein Nahrungserg\u00e4nzungsmittel mit allen 8 wichtigen Vitaminen des B-Komplexes: zur Unterst\u00fctzung von Nervensystem (z.B. Vitamin B6, Pyridoxin), Energiestoffwechsel (z.B. Niacin, fr\u00fcher als \u201eVitamin B3\u201c bezeichnet) und zur Verringerung von M\u00fcdigkeit und Erm\u00fcdung (z.B. Vitamin B12, Methylcobalamin).<\/p>\n","protected":false},"featured_media":0,"template":"","meta":{"_acf_changed":false},"product_brand":[],"product_cat":[799],"product_tag":[],"class_list":{"0":"post-142919","1":"product","2":"type-product","3":"status-publish","5":"product_cat-v","6":"pa_packungsgroesse-60-stueck","8":"first","9":"instock","10":"shipping-taxable","11":"purchasable","12":"product-type-simple"},"acf":[],"_links":{"self":[{"href":"https:\/\/www.ernstbrunn-apotheke.at\/katalog\/wp-json\/wp\/v2\/product\/142919","targetHints":{"allow":["GET"]}}],"collection":[{"href":"https:\/\/www.ernstbrunn-apotheke.at\/katalog\/wp-json\/wp\/v2\/product"}],"about":[{"href":"https:\/\/www.ernstbrunn-apotheke.at\/katalog\/wp-json\/wp\/v2\/types\/product"}],"wp:attachment":[{"href":"https:\/\/www.ernstbrunn-apotheke.at\/katalog\/wp-json\/wp\/v2\/media?parent=142919"}],"wp:term":[{"taxonomy":"product_brand","embeddable":true,"href":"https:\/\/www.ernstbrunn-apotheke.at\/katalog\/wp-json\/wp\/v2\/product_brand?post=142919"},{"taxonomy":"product_cat","embeddable":true,"href":"https:\/\/www.ernstbrunn-apotheke.at\/katalog\/wp-json\/wp\/v2\/product_cat?post=142919"},{"taxonomy":"product_tag","embeddable":true,"href":"https:\/\/www.ernstbrunn-apotheke.at\/katalog\/wp-json\/wp\/v2\/product_tag?post=142919"}],"curies":[{"name":"wp","href":"https:\/\/api.w.org\/{rel}","templated":true}]}}