{"id":142798,"date":"2025-11-14T22:48:25","date_gmt":"2025-11-14T21:48:25","guid":{"rendered":"https:\/\/www.ernstbrunn-apotheke.at\/katalog\/produkt\/pflueger-mineralstoff-lotion-nr-11\/"},"modified":"2025-12-09T10:46:25","modified_gmt":"2025-12-09T09:46:25","slug":"pflueger-mineralstoff-lotion-nr-11","status":"publish","type":"product","link":"https:\/\/www.ernstbrunn-apotheke.at\/katalog\/produkt\/pflueger-mineralstoff-lotion-nr-11\/","title":{"rendered":"Pfl\u00fcger Mineralstoff Lotion Nr. 11"},"content":{"rendered":"<p>Pfl\u00fcger Mineralstoff Lotion Nr. 11 beinhaltet das Sch\u00fc\u00dflersalz Silicea, welches als das \u201eSch\u00f6nheitssalz\u201c, oder schlicht als Salz von Haut, Haare und N\u00e4gel, bekannt ist. Sie spielt eine gro\u00dfe Rolle f\u00fcr das Bindegewebe und kann gezielt dort aufgetragen werden wo Hautprobleme bestehen.<\/p>\n","protected":false},"excerpt":{"rendered":"<p>Pfl\u00fcger Mineralstoff Lotion Nr. 11 beinhaltet das Sch\u00fc\u00dflersalz Silicea, welches als das \u201eSch\u00f6nheitssalz\u201c, oder schlicht als Salz von Haut, Haare und N\u00e4gel, bekannt ist. Sie spielt eine gro\u00dfe Rolle f\u00fcr das Bindegewebe und kann gezielt dort aufgetragen werden wo Hautprobleme bestehen.<\/p>\n","protected":false},"featured_media":0,"template":"","meta":{"_acf_changed":false},"product_brand":[],"product_cat":[793],"product_tag":[],"class_list":{"0":"post-142798","1":"product","2":"type-product","3":"status-publish","5":"product_cat-p","6":"pa_packungsgroesse-200ml","8":"first","9":"instock","10":"shipping-taxable","11":"purchasable","12":"product-type-simple"},"acf":[],"_links":{"self":[{"href":"https:\/\/www.ernstbrunn-apotheke.at\/katalog\/wp-json\/wp\/v2\/product\/142798","targetHints":{"allow":["GET"]}}],"collection":[{"href":"https:\/\/www.ernstbrunn-apotheke.at\/katalog\/wp-json\/wp\/v2\/product"}],"about":[{"href":"https:\/\/www.ernstbrunn-apotheke.at\/katalog\/wp-json\/wp\/v2\/types\/product"}],"wp:attachment":[{"href":"https:\/\/www.ernstbrunn-apotheke.at\/katalog\/wp-json\/wp\/v2\/media?parent=142798"}],"wp:term":[{"taxonomy":"product_brand","embeddable":true,"href":"https:\/\/www.ernstbrunn-apotheke.at\/katalog\/wp-json\/wp\/v2\/product_brand?post=142798"},{"taxonomy":"product_cat","embeddable":true,"href":"https:\/\/www.ernstbrunn-apotheke.at\/katalog\/wp-json\/wp\/v2\/product_cat?post=142798"},{"taxonomy":"product_tag","embeddable":true,"href":"https:\/\/www.ernstbrunn-apotheke.at\/katalog\/wp-json\/wp\/v2\/product_tag?post=142798"}],"curies":[{"name":"wp","href":"https:\/\/api.w.org\/{rel}","templated":true}]}}