{"id":142687,"date":"2025-11-14T22:03:04","date_gmt":"2025-11-14T21:03:04","guid":{"rendered":"https:\/\/www.ernstbrunn-apotheke.at\/katalog\/produkt\/mullkompresse-gazin-steril-16-fach-9-30-x-5-cm-150-stk\/"},"modified":"2025-12-09T10:46:11","modified_gmt":"2025-12-09T09:46:11","slug":"mullkompresse-gazin-steril-16-fach-9-30-x-5-cm-150-stk","status":"publish","type":"product","link":"https:\/\/www.ernstbrunn-apotheke.at\/katalog\/produkt\/mullkompresse-gazin-steril-16-fach-9-30-x-5-cm-150-stk\/","title":{"rendered":"Mullkompresse Gazin steril 16-fach 9  30 x 5 cm 150 Stk."},"content":{"rendered":"<p>Gazin Mullkompressen sind weich, saugf\u00e4hig und luftdurchl\u00e4ssig. Da alle Schnittkanten innen liegen, sind keine Randf\u00e4den vorhanden. Das Sortiment umfasst sterile Mullkompressen ohne sowie unsterile Kompressen mit oder ohne R\u00f6ntgenkontrastfaden. Sterile Mullkompressen mit R\u00f6ntgenkontrastfaden sind unter dem Markennamen Setpack verf\u00fcgbar.<\/p>\n","protected":false},"excerpt":{"rendered":"<p>Gazin Mullkompressen sind weich, saugf\u00e4hig und luftdurchl\u00e4ssig. Da alle Schnittkanten innen liegen, sind keine Randf\u00e4den vorhanden. Das Sortiment umfasst sterile Mullkompressen ohne sowie unsterile Kompressen mit oder ohne R\u00f6ntgenkontrastfaden. Sterile Mullkompressen mit R\u00f6ntgenkontrastfaden sind unter dem Markennamen Setpack verf\u00fcgbar.<\/p>\n","protected":false},"featured_media":142689,"template":"","meta":{"_acf_changed":false},"product_brand":[],"product_cat":[800],"product_tag":[],"class_list":{"0":"post-142687","1":"product","2":"type-product","3":"status-publish","4":"has-post-thumbnail","6":"product_cat-m","7":"pa_packungsgroesse-150-stueck","9":"first","10":"instock","11":"shipping-taxable","12":"purchasable","13":"product-type-simple"},"acf":[],"_links":{"self":[{"href":"https:\/\/www.ernstbrunn-apotheke.at\/katalog\/wp-json\/wp\/v2\/product\/142687","targetHints":{"allow":["GET"]}}],"collection":[{"href":"https:\/\/www.ernstbrunn-apotheke.at\/katalog\/wp-json\/wp\/v2\/product"}],"about":[{"href":"https:\/\/www.ernstbrunn-apotheke.at\/katalog\/wp-json\/wp\/v2\/types\/product"}],"wp:featuredmedia":[{"embeddable":true,"href":"https:\/\/www.ernstbrunn-apotheke.at\/katalog\/wp-json\/wp\/v2\/media\/142689"}],"wp:attachment":[{"href":"https:\/\/www.ernstbrunn-apotheke.at\/katalog\/wp-json\/wp\/v2\/media?parent=142687"}],"wp:term":[{"taxonomy":"product_brand","embeddable":true,"href":"https:\/\/www.ernstbrunn-apotheke.at\/katalog\/wp-json\/wp\/v2\/product_brand?post=142687"},{"taxonomy":"product_cat","embeddable":true,"href":"https:\/\/www.ernstbrunn-apotheke.at\/katalog\/wp-json\/wp\/v2\/product_cat?post=142687"},{"taxonomy":"product_tag","embeddable":true,"href":"https:\/\/www.ernstbrunn-apotheke.at\/katalog\/wp-json\/wp\/v2\/product_tag?post=142687"}],"curies":[{"name":"wp","href":"https:\/\/api.w.org\/{rel}","templated":true}]}}