{"id":14258,"date":"2025-11-07T15:20:15","date_gmt":"2025-11-07T14:20:15","guid":{"rendered":"https:\/\/www.ernstbrunn-apotheke.at\/katalog\/produkt\/apoforce-heissgetraenk-zitrone-zuckerfrei-10-stk\/"},"modified":"2025-12-08T13:38:23","modified_gmt":"2025-12-08T12:38:23","slug":"apoforce-heissgetraenk-zitrone-zuckerfrei-10-stk","status":"publish","type":"product","link":"https:\/\/www.ernstbrunn-apotheke.at\/katalog\/produkt\/apoforce-heissgetraenk-zitrone-zuckerfrei-10-stk\/","title":{"rendered":"Apoforce Hei\u00dfgetr\u00e4nk Zitrone Zuckerfrei 10 Stk."},"content":{"rendered":"<p>Apoforce Hei\u00dfgetr\u00e4nk Zitrone Zuckerfrei ist Basis f\u00fcr ein Hei\u00dfgetr\u00e4nk mit dem fruchtigen Saftpulver der Zitrone. Mit Vitamin C und dem prebiotischen Ballaststoff Inulin.<\/p>\n","protected":false},"excerpt":{"rendered":"<p>Apoforce Hei\u00dfgetr\u00e4nk Zitrone Zuckerfrei ist Basis f\u00fcr ein Hei\u00dfgetr\u00e4nk mit dem fruchtigen Saftpulver der Zitrone. Mit Vitamin C und dem prebiotischen Ballaststoff Inulin.<\/p>\n","protected":false},"featured_media":14260,"template":"","meta":{"_acf_changed":false},"product_brand":[],"product_cat":[801],"product_tag":[],"class_list":{"0":"post-14258","1":"product","2":"type-product","3":"status-publish","4":"has-post-thumbnail","6":"product_cat-a","7":"pa_packungsgroesse-10-beutel","9":"first","10":"instock","11":"shipping-taxable","12":"purchasable","13":"product-type-simple"},"acf":[],"_links":{"self":[{"href":"https:\/\/www.ernstbrunn-apotheke.at\/katalog\/wp-json\/wp\/v2\/product\/14258","targetHints":{"allow":["GET"]}}],"collection":[{"href":"https:\/\/www.ernstbrunn-apotheke.at\/katalog\/wp-json\/wp\/v2\/product"}],"about":[{"href":"https:\/\/www.ernstbrunn-apotheke.at\/katalog\/wp-json\/wp\/v2\/types\/product"}],"wp:featuredmedia":[{"embeddable":true,"href":"https:\/\/www.ernstbrunn-apotheke.at\/katalog\/wp-json\/wp\/v2\/media\/14260"}],"wp:attachment":[{"href":"https:\/\/www.ernstbrunn-apotheke.at\/katalog\/wp-json\/wp\/v2\/media?parent=14258"}],"wp:term":[{"taxonomy":"product_brand","embeddable":true,"href":"https:\/\/www.ernstbrunn-apotheke.at\/katalog\/wp-json\/wp\/v2\/product_brand?post=14258"},{"taxonomy":"product_cat","embeddable":true,"href":"https:\/\/www.ernstbrunn-apotheke.at\/katalog\/wp-json\/wp\/v2\/product_cat?post=14258"},{"taxonomy":"product_tag","embeddable":true,"href":"https:\/\/www.ernstbrunn-apotheke.at\/katalog\/wp-json\/wp\/v2\/product_tag?post=14258"}],"curies":[{"name":"wp","href":"https:\/\/api.w.org\/{rel}","templated":true}]}}