{"id":14209,"date":"2025-11-07T15:19:24","date_gmt":"2025-11-07T14:19:24","guid":{"rendered":"https:\/\/www.ernstbrunn-apotheke.at\/katalog\/produkt\/xenofit-heisse-hexe-dose-270-g\/"},"modified":"2025-12-08T13:38:16","modified_gmt":"2025-12-08T12:38:16","slug":"xenofit-heisse-hexe-dose-270-g","status":"publish","type":"product","link":"https:\/\/www.ernstbrunn-apotheke.at\/katalog\/produkt\/xenofit-heisse-hexe-dose-270-g\/","title":{"rendered":"Xenofit Hei\u00dfe Hexe Dose 270 g"},"content":{"rendered":"<p>Xenofit Hei\u00dfe Hexe Dose enth\u00e4lt 5 wichtige Vitamine und Calcium. Bereits eine Portion deckt schon 50% des erforderlichen Tagesbedarfes an Vitamin C, Niacin, Vitamin B1, B6 und Pantothens\u00e4ure sowie 1\/4 des Tagesbedarfes an Calcium.<\/p>\n","protected":false},"excerpt":{"rendered":"<p>Xenofit Hei\u00dfe Hexe Dose enth\u00e4lt 5 wichtige Vitamine und Calcium. Bereits eine Portion deckt schon 50% des erforderlichen Tagesbedarfes an Vitamin C, Niacin, Vitamin B1, B6 und Pantothens\u00e4ure sowie 1\/4 des Tagesbedarfes an Calcium.<\/p>\n","protected":false},"featured_media":14211,"template":"","meta":{"_acf_changed":false},"product_brand":[],"product_cat":[950],"product_tag":[],"class_list":{"0":"post-14209","1":"product","2":"type-product","3":"status-publish","4":"has-post-thumbnail","6":"product_cat-x","7":"pa_geschmack-himbeer","8":"pa_packungsgroesse-1-stueck","10":"first","11":"instock","12":"shipping-taxable","13":"purchasable","14":"product-type-simple"},"acf":[],"_links":{"self":[{"href":"https:\/\/www.ernstbrunn-apotheke.at\/katalog\/wp-json\/wp\/v2\/product\/14209","targetHints":{"allow":["GET"]}}],"collection":[{"href":"https:\/\/www.ernstbrunn-apotheke.at\/katalog\/wp-json\/wp\/v2\/product"}],"about":[{"href":"https:\/\/www.ernstbrunn-apotheke.at\/katalog\/wp-json\/wp\/v2\/types\/product"}],"wp:featuredmedia":[{"embeddable":true,"href":"https:\/\/www.ernstbrunn-apotheke.at\/katalog\/wp-json\/wp\/v2\/media\/14211"}],"wp:attachment":[{"href":"https:\/\/www.ernstbrunn-apotheke.at\/katalog\/wp-json\/wp\/v2\/media?parent=14209"}],"wp:term":[{"taxonomy":"product_brand","embeddable":true,"href":"https:\/\/www.ernstbrunn-apotheke.at\/katalog\/wp-json\/wp\/v2\/product_brand?post=14209"},{"taxonomy":"product_cat","embeddable":true,"href":"https:\/\/www.ernstbrunn-apotheke.at\/katalog\/wp-json\/wp\/v2\/product_cat?post=14209"},{"taxonomy":"product_tag","embeddable":true,"href":"https:\/\/www.ernstbrunn-apotheke.at\/katalog\/wp-json\/wp\/v2\/product_tag?post=14209"}],"curies":[{"name":"wp","href":"https:\/\/api.w.org\/{rel}","templated":true}]}}