{"id":142042,"date":"2025-11-14T21:22:54","date_gmt":"2025-11-14T20:22:54","guid":{"rendered":"https:\/\/www.ernstbrunn-apotheke.at\/katalog\/produkt\/rausch-repair-conditioner-mit-amaranth-150-ml\/"},"modified":"2025-12-09T10:45:22","modified_gmt":"2025-12-09T09:45:22","slug":"rausch-repair-conditioner-mit-amaranth-150-ml","status":"publish","type":"product","link":"https:\/\/www.ernstbrunn-apotheke.at\/katalog\/produkt\/rausch-repair-conditioner-mit-amaranth-150-ml\/","title":{"rendered":"RAUSCH Repair-Conditioner mit Amaranth 150 ml"},"content":{"rendered":"<p>Der Conditioner, der strapaziertes und br\u00fcchiges Haar sofort sch\u00fctzt. Er restrukturiert, repariert und st\u00e4rkt die gesch\u00e4digte Haarstruktur von innen heraus. Bereits bei der ersten Anwendung entfaltet sich der Langzeitschutz und wirkt Haarbruch entgegen. Der seidige, leichte Schleier, der sich auf das Haar legt, verbessert sofort die K\u00e4mmbarkeit und pflegt das Haar, ohne zu beschweren. Mit Amaranth\u00f6l sowie auserw\u00e4hlten Extrakten aus Kamillenbl\u00fcten und Quinoa-Samen.<\/p>\n","protected":false},"excerpt":{"rendered":"<p>Der Conditioner, der strapaziertes und br\u00fcchiges Haar sofort sch\u00fctzt. Er restrukturiert, repariert und st\u00e4rkt die gesch\u00e4digte Haarstruktur von innen heraus. Bereits bei der ersten Anwendung entfaltet sich der Langzeitschutz und wirkt Haarbruch entgegen. Der seidige, leichte Schleier, der sich auf das Haar legt, verbessert sofort die K\u00e4mmbarkeit und pflegt das Haar, ohne zu beschweren. Mit [&hellip;]<\/p>\n","protected":false},"featured_media":142044,"template":"","meta":{"_acf_changed":false},"product_brand":[648],"product_cat":[808],"product_tag":[],"class_list":{"0":"post-142042","1":"product","2":"type-product","3":"status-publish","4":"has-post-thumbnail","6":"product_brand-rausch","7":"product_cat-r","8":"pa_packungsgroesse-150ml","10":"first","11":"instock","12":"shipping-taxable","13":"purchasable","14":"product-type-simple"},"acf":[],"_links":{"self":[{"href":"https:\/\/www.ernstbrunn-apotheke.at\/katalog\/wp-json\/wp\/v2\/product\/142042","targetHints":{"allow":["GET"]}}],"collection":[{"href":"https:\/\/www.ernstbrunn-apotheke.at\/katalog\/wp-json\/wp\/v2\/product"}],"about":[{"href":"https:\/\/www.ernstbrunn-apotheke.at\/katalog\/wp-json\/wp\/v2\/types\/product"}],"wp:featuredmedia":[{"embeddable":true,"href":"https:\/\/www.ernstbrunn-apotheke.at\/katalog\/wp-json\/wp\/v2\/media\/142044"}],"wp:attachment":[{"href":"https:\/\/www.ernstbrunn-apotheke.at\/katalog\/wp-json\/wp\/v2\/media?parent=142042"}],"wp:term":[{"taxonomy":"product_brand","embeddable":true,"href":"https:\/\/www.ernstbrunn-apotheke.at\/katalog\/wp-json\/wp\/v2\/product_brand?post=142042"},{"taxonomy":"product_cat","embeddable":true,"href":"https:\/\/www.ernstbrunn-apotheke.at\/katalog\/wp-json\/wp\/v2\/product_cat?post=142042"},{"taxonomy":"product_tag","embeddable":true,"href":"https:\/\/www.ernstbrunn-apotheke.at\/katalog\/wp-json\/wp\/v2\/product_tag?post=142042"}],"curies":[{"name":"wp","href":"https:\/\/api.w.org\/{rel}","templated":true}]}}