{"id":142030,"date":"2025-11-14T21:22:36","date_gmt":"2025-11-14T20:22:36","guid":{"rendered":"https:\/\/www.ernstbrunn-apotheke.at\/katalog\/produkt\/rausch-sensitive-conditioner-mit-herzsamen-150ml\/"},"modified":"2025-12-09T10:45:21","modified_gmt":"2025-12-09T09:45:21","slug":"rausch-sensitive-conditioner-mit-herzsamen-150ml","status":"publish","type":"product","link":"https:\/\/www.ernstbrunn-apotheke.at\/katalog\/produkt\/rausch-sensitive-conditioner-mit-herzsamen-150ml\/","title":{"rendered":"RAUSCH Sensitive-Conditioner mit Herzsamen 150ml"},"content":{"rendered":"<p>Der Conditioner bei hochsensibler und irritierter Kopfhaut. Er pflegt besonders mild und spendet intensive Feuchtigkeit, die Kopfhaut und Haar verw\u00f6hnt. Dabei werden Juckreiz und R\u00f6tungen gemildert. Sein pr\u00e4biotischer Wirkstoff stellt das nat\u00fcrliche Gleichgewicht der Kopfhaut wieder her. Zudem ist er allergiegetestet, frei von jeglichen Farbstoffen und sorgt f\u00fcr eine optimale Vertr\u00e4glichkeit, die dermatologisch-klinisch best\u00e4tigt ist. Mit Kokos\u00f6l und wertvollem Herzsamen-Extrakt.<\/p>\n","protected":false},"excerpt":{"rendered":"<p>Der Conditioner bei hochsensibler und irritierter Kopfhaut. Er pflegt besonders mild und spendet intensive Feuchtigkeit, die Kopfhaut und Haar verw\u00f6hnt. Dabei werden Juckreiz und R\u00f6tungen gemildert. Sein pr\u00e4biotischer Wirkstoff stellt das nat\u00fcrliche Gleichgewicht der Kopfhaut wieder her. Zudem ist er allergiegetestet, frei von jeglichen Farbstoffen und sorgt f\u00fcr eine optimale Vertr\u00e4glichkeit, die dermatologisch-klinisch best\u00e4tigt ist. [&hellip;]<\/p>\n","protected":false},"featured_media":142032,"template":"","meta":{"_acf_changed":false},"product_brand":[648],"product_cat":[808],"product_tag":[],"class_list":{"0":"post-142030","1":"product","2":"type-product","3":"status-publish","4":"has-post-thumbnail","6":"product_brand-rausch","7":"product_cat-r","8":"pa_packungsgroesse-150ml","10":"first","11":"instock","12":"shipping-taxable","13":"purchasable","14":"product-type-simple"},"acf":[],"_links":{"self":[{"href":"https:\/\/www.ernstbrunn-apotheke.at\/katalog\/wp-json\/wp\/v2\/product\/142030","targetHints":{"allow":["GET"]}}],"collection":[{"href":"https:\/\/www.ernstbrunn-apotheke.at\/katalog\/wp-json\/wp\/v2\/product"}],"about":[{"href":"https:\/\/www.ernstbrunn-apotheke.at\/katalog\/wp-json\/wp\/v2\/types\/product"}],"wp:featuredmedia":[{"embeddable":true,"href":"https:\/\/www.ernstbrunn-apotheke.at\/katalog\/wp-json\/wp\/v2\/media\/142032"}],"wp:attachment":[{"href":"https:\/\/www.ernstbrunn-apotheke.at\/katalog\/wp-json\/wp\/v2\/media?parent=142030"}],"wp:term":[{"taxonomy":"product_brand","embeddable":true,"href":"https:\/\/www.ernstbrunn-apotheke.at\/katalog\/wp-json\/wp\/v2\/product_brand?post=142030"},{"taxonomy":"product_cat","embeddable":true,"href":"https:\/\/www.ernstbrunn-apotheke.at\/katalog\/wp-json\/wp\/v2\/product_cat?post=142030"},{"taxonomy":"product_tag","embeddable":true,"href":"https:\/\/www.ernstbrunn-apotheke.at\/katalog\/wp-json\/wp\/v2\/product_tag?post=142030"}],"curies":[{"name":"wp","href":"https:\/\/api.w.org\/{rel}","templated":true}]}}