{"id":141981,"date":"2025-11-14T21:21:10","date_gmt":"2025-11-14T20:21:10","guid":{"rendered":"https:\/\/www.ernstbrunn-apotheke.at\/katalog\/produkt\/caudalie-vinoclean-reinigendes-pflegeoel-2\/"},"modified":"2025-12-09T10:45:09","modified_gmt":"2025-12-09T09:45:09","slug":"caudalie-vinoclean-reinigendes-pflegeoel-2","status":"publish","type":"product","link":"https:\/\/www.ernstbrunn-apotheke.at\/katalog\/produkt\/caudalie-vinoclean-reinigendes-pflegeoel-2\/","title":{"rendered":"Caudalie Vinoclean reinigendes Pflege\u00f6l"},"content":{"rendered":"<p>Das Reinigende Pflege\u00f6l ist eine Mischung aus pflanzlichen n\u00e4hrenden \u00d6len 100% nat\u00fcrlichen Ursprungs. Es wirkt bei allen Arten von Make-up, selbst wasserfestes. Seine cleane und vegane Formel sorgt f\u00fcr ein sanftes Abschminken von Gesicht, Augen und Lippen.<\/p>\n<p><strong>Hauttyp\u00a0:<\/strong> Alle Hauttypen<\/p>\n<p><strong>Brauche\u00a0:<\/strong> Abschminken und reinigen<\/p>\n<p><strong>Hauptinhaltsstoffe\u00a0:<\/strong> Traubenkern\u00f6l, Sanftes Mandelo\u0308l, Rizinus\u00f6l<\/p>\n<p><strong>Textur\u00a0:<\/strong> Milchiges \u00d6l<\/p>\n<p><strong>Verwendung\u00a0:<\/strong> Morgens und abends, jeden Tag<\/p>\n<p><strong>Rezeptur:<\/strong><\/p>\n<ul>\n<li>100 % Inhaltsstoffe nat\u00fcrlichen Ursprungs<\/li>\n<li>Vegan<\/li>\n<li>Yuka-Bewertung: Sehr gut<\/li>\n<li>100% plastic collect<\/li>\n<\/ul>\n<p><strong>Wussten Sie es?<\/strong><\/p>\n<p>Seine \u00d6l-Textur verwandelt sich bei Kontakt mit Wasser in eine Pflegemilch und l\u00e4sst sich schnell und leicht absp\u00fclen, ohne einen Fettfilm auf der Haut zu hinterlassen.\u00a0<\/p>\n","protected":false},"excerpt":{"rendered":"<p>Das Reinigende Pflege\u00f6l ist eine Mischung aus pflanzlichen n\u00e4hrenden \u00d6len 100% nat\u00fcrlichen Ursprungs. Es wirkt bei allen Arten von Make-up, selbst wasserfestes. Seine cleane und vegane Formel sorgt f\u00fcr ein sanftes Abschminken von Gesicht, Augen und Lippen. Hauttyp\u00a0: Alle Hauttypen Brauche\u00a0: Abschminken und reinigen Hauptinhaltsstoffe\u00a0: Traubenkern\u00f6l, Sanftes Mandelo\u0308l, Rizinus\u00f6l Textur\u00a0: Milchiges \u00d6l Verwendung\u00a0: Morgens und [&hellip;]<\/p>\n","protected":false},"featured_media":141983,"template":"","meta":{"_acf_changed":false},"product_brand":[687],"product_cat":[812],"product_tag":[],"class_list":{"0":"post-141981","1":"product","2":"type-product","3":"status-publish","4":"has-post-thumbnail","6":"product_brand-caudalie","7":"product_cat-c","8":"pa_packungsgroesse-75ml","10":"first","11":"instock","12":"shipping-taxable","13":"purchasable","14":"product-type-simple"},"acf":[],"_links":{"self":[{"href":"https:\/\/www.ernstbrunn-apotheke.at\/katalog\/wp-json\/wp\/v2\/product\/141981","targetHints":{"allow":["GET"]}}],"collection":[{"href":"https:\/\/www.ernstbrunn-apotheke.at\/katalog\/wp-json\/wp\/v2\/product"}],"about":[{"href":"https:\/\/www.ernstbrunn-apotheke.at\/katalog\/wp-json\/wp\/v2\/types\/product"}],"wp:featuredmedia":[{"embeddable":true,"href":"https:\/\/www.ernstbrunn-apotheke.at\/katalog\/wp-json\/wp\/v2\/media\/141983"}],"wp:attachment":[{"href":"https:\/\/www.ernstbrunn-apotheke.at\/katalog\/wp-json\/wp\/v2\/media?parent=141981"}],"wp:term":[{"taxonomy":"product_brand","embeddable":true,"href":"https:\/\/www.ernstbrunn-apotheke.at\/katalog\/wp-json\/wp\/v2\/product_brand?post=141981"},{"taxonomy":"product_cat","embeddable":true,"href":"https:\/\/www.ernstbrunn-apotheke.at\/katalog\/wp-json\/wp\/v2\/product_cat?post=141981"},{"taxonomy":"product_tag","embeddable":true,"href":"https:\/\/www.ernstbrunn-apotheke.at\/katalog\/wp-json\/wp\/v2\/product_tag?post=141981"}],"curies":[{"name":"wp","href":"https:\/\/api.w.org\/{rel}","templated":true}]}}