{"id":14156,"date":"2025-11-07T15:18:39","date_gmt":"2025-11-07T14:18:39","guid":{"rendered":"https:\/\/www.ernstbrunn-apotheke.at\/katalog\/produkt\/esberitox-tabletten\/"},"modified":"2025-12-08T13:38:08","modified_gmt":"2025-12-08T12:38:08","slug":"esberitox-tabletten","status":"publish","type":"product","link":"https:\/\/www.ernstbrunn-apotheke.at\/katalog\/produkt\/esberitox-tabletten\/","title":{"rendered":"Esberitox Tabletten"},"content":{"rendered":"<p>Esberitox Tabletten sind pflanzliche Arzneimittel gegen Erk\u00e4ltungskrankheiten. Esberitox aktiviert die k\u00f6rpereigenen Abwehrkr\u00e4fte und l\u00e4sst Erk\u00e4ltungen bis zu drei Tage schneller abklingen bzw. milder verlaufen.<\/p>\n","protected":false},"excerpt":{"rendered":"<p>Esberitox Tabletten sind pflanzliche Arzneimittel gegen Erk\u00e4ltungskrankheiten. Esberitox aktiviert die k\u00f6rpereigenen Abwehrkr\u00e4fte und l\u00e4sst Erk\u00e4ltungen bis zu drei Tage schneller abklingen bzw. milder verlaufen.<\/p>\n","protected":false},"featured_media":14158,"template":"","meta":{"_acf_changed":false},"product_brand":[522],"product_cat":[794],"product_tag":[],"class_list":{"0":"post-14156","1":"product","2":"type-product","3":"status-publish","4":"has-post-thumbnail","6":"product_brand-esberitox","7":"product_cat-e","8":"pa_farbe-beige-braun","9":"pa_geschmack-neutral-bis-leicht-suesslich","10":"pa_packungsgroesse-100-stueck","12":"first","13":"instock","14":"shipping-taxable","15":"purchasable","16":"product-type-simple"},"acf":[],"_links":{"self":[{"href":"https:\/\/www.ernstbrunn-apotheke.at\/katalog\/wp-json\/wp\/v2\/product\/14156","targetHints":{"allow":["GET"]}}],"collection":[{"href":"https:\/\/www.ernstbrunn-apotheke.at\/katalog\/wp-json\/wp\/v2\/product"}],"about":[{"href":"https:\/\/www.ernstbrunn-apotheke.at\/katalog\/wp-json\/wp\/v2\/types\/product"}],"wp:featuredmedia":[{"embeddable":true,"href":"https:\/\/www.ernstbrunn-apotheke.at\/katalog\/wp-json\/wp\/v2\/media\/14158"}],"wp:attachment":[{"href":"https:\/\/www.ernstbrunn-apotheke.at\/katalog\/wp-json\/wp\/v2\/media?parent=14156"}],"wp:term":[{"taxonomy":"product_brand","embeddable":true,"href":"https:\/\/www.ernstbrunn-apotheke.at\/katalog\/wp-json\/wp\/v2\/product_brand?post=14156"},{"taxonomy":"product_cat","embeddable":true,"href":"https:\/\/www.ernstbrunn-apotheke.at\/katalog\/wp-json\/wp\/v2\/product_cat?post=14156"},{"taxonomy":"product_tag","embeddable":true,"href":"https:\/\/www.ernstbrunn-apotheke.at\/katalog\/wp-json\/wp\/v2\/product_tag?post=14156"}],"curies":[{"name":"wp","href":"https:\/\/api.w.org\/{rel}","templated":true}]}}