{"id":140609,"date":"2025-11-14T20:22:41","date_gmt":"2025-11-14T19:22:41","guid":{"rendered":"https:\/\/www.ernstbrunn-apotheke.at\/katalog\/produkt\/zahnseide-paro-brushfloss-20-stk\/"},"modified":"2025-12-09T10:40:51","modified_gmt":"2025-12-09T09:40:51","slug":"zahnseide-paro-brushfloss-20-stk","status":"publish","type":"product","link":"https:\/\/www.ernstbrunn-apotheke.at\/katalog\/produkt\/zahnseide-paro-brushfloss-20-stk\/","title":{"rendered":"Zahnseide Paro Brush+Floss 20 Stk."},"content":{"rendered":"<p>Zahnseide Paro Brush+Floss dient der Reinigung von Zahnspangen, Implantaten, Br\u00fccken sowie gr\u00f6\u00dferen Zahnzwischenr\u00e4umen. Durch den verst\u00e4rkten Nylonfaden und dem flauschigen Mittelteil wird eine bestm\u00f6gliche Reinigung erzielt &#8211; als Standortapotheke bieten wir Ihnen 100% Sicherheit und ausschlie\u00dflich Originalprodukte!<\/p>\n","protected":false},"excerpt":{"rendered":"<p>Zahnseide Paro Brush+Floss dient der Reinigung von Zahnspangen, Implantaten, Br\u00fccken sowie gr\u00f6\u00dferen Zahnzwischenr\u00e4umen. Durch den verst\u00e4rkten Nylonfaden und dem flauschigen Mittelteil wird eine bestm\u00f6gliche Reinigung erzielt &#8211; als Standortapotheke bieten wir Ihnen 100% Sicherheit und ausschlie\u00dflich Originalprodukte!<\/p>\n","protected":false},"featured_media":0,"template":"","meta":{"_acf_changed":false},"product_brand":[892],"product_cat":[803],"product_tag":[],"class_list":{"0":"post-140609","1":"product","2":"type-product","3":"status-publish","5":"product_brand-paro","6":"product_cat-z","7":"pa_packungsgroesse-20-stueck","9":"first","10":"instock","11":"shipping-taxable","12":"purchasable","13":"product-type-simple"},"acf":[],"_links":{"self":[{"href":"https:\/\/www.ernstbrunn-apotheke.at\/katalog\/wp-json\/wp\/v2\/product\/140609","targetHints":{"allow":["GET"]}}],"collection":[{"href":"https:\/\/www.ernstbrunn-apotheke.at\/katalog\/wp-json\/wp\/v2\/product"}],"about":[{"href":"https:\/\/www.ernstbrunn-apotheke.at\/katalog\/wp-json\/wp\/v2\/types\/product"}],"wp:attachment":[{"href":"https:\/\/www.ernstbrunn-apotheke.at\/katalog\/wp-json\/wp\/v2\/media?parent=140609"}],"wp:term":[{"taxonomy":"product_brand","embeddable":true,"href":"https:\/\/www.ernstbrunn-apotheke.at\/katalog\/wp-json\/wp\/v2\/product_brand?post=140609"},{"taxonomy":"product_cat","embeddable":true,"href":"https:\/\/www.ernstbrunn-apotheke.at\/katalog\/wp-json\/wp\/v2\/product_cat?post=140609"},{"taxonomy":"product_tag","embeddable":true,"href":"https:\/\/www.ernstbrunn-apotheke.at\/katalog\/wp-json\/wp\/v2\/product_tag?post=140609"}],"curies":[{"name":"wp","href":"https:\/\/api.w.org\/{rel}","templated":true}]}}