{"id":140407,"date":"2025-11-14T20:16:14","date_gmt":"2025-11-14T19:16:14","guid":{"rendered":"https:\/\/www.ernstbrunn-apotheke.at\/katalog\/produkt\/casida-teebaumoel-10-ml\/"},"modified":"2025-12-09T10:40:22","modified_gmt":"2025-12-09T09:40:22","slug":"casida-teebaumoel-10-ml","status":"publish","type":"product","link":"https:\/\/www.ernstbrunn-apotheke.at\/katalog\/produkt\/casida-teebaumoel-10-ml\/","title":{"rendered":"Casida Teebaum\u00f6l 10 ml"},"content":{"rendered":"<p>Casida Teebaum\u00f6l ist ein naturreines \u00e4therisches Teebaum\u00f6l in therapeutischer Qualit\u00e4t. Das \u00e4therische \u00d6l unterst\u00fctzt das Immunsystem und f\u00f6rdert die Wundheilung, tabilisiert die Psyche und steigert das Selbstvertrauen. Ideal f\u00fcr die Aromatherapie und f\u00fcr Aromadiffuser geeignet &#8211; stark preisgesenkt bestellen!<\/p>\n","protected":false},"excerpt":{"rendered":"<p>Casida Teebaum\u00f6l ist ein naturreines \u00e4therisches Teebaum\u00f6l in therapeutischer Qualit\u00e4t. Das \u00e4therische \u00d6l unterst\u00fctzt das Immunsystem und f\u00f6rdert die Wundheilung, tabilisiert die Psyche und steigert das Selbstvertrauen. Ideal f\u00fcr die Aromatherapie und f\u00fcr Aromadiffuser geeignet &#8211; stark preisgesenkt bestellen!<\/p>\n","protected":false},"featured_media":140409,"template":"","meta":{"_acf_changed":false},"product_brand":[],"product_cat":[812],"product_tag":[],"class_list":{"0":"post-140407","1":"product","2":"type-product","3":"status-publish","4":"has-post-thumbnail","6":"product_cat-c","7":"pa_packungsgroesse-10ml","9":"first","10":"instock","11":"shipping-taxable","12":"purchasable","13":"product-type-simple"},"acf":[],"_links":{"self":[{"href":"https:\/\/www.ernstbrunn-apotheke.at\/katalog\/wp-json\/wp\/v2\/product\/140407","targetHints":{"allow":["GET"]}}],"collection":[{"href":"https:\/\/www.ernstbrunn-apotheke.at\/katalog\/wp-json\/wp\/v2\/product"}],"about":[{"href":"https:\/\/www.ernstbrunn-apotheke.at\/katalog\/wp-json\/wp\/v2\/types\/product"}],"wp:featuredmedia":[{"embeddable":true,"href":"https:\/\/www.ernstbrunn-apotheke.at\/katalog\/wp-json\/wp\/v2\/media\/140409"}],"wp:attachment":[{"href":"https:\/\/www.ernstbrunn-apotheke.at\/katalog\/wp-json\/wp\/v2\/media?parent=140407"}],"wp:term":[{"taxonomy":"product_brand","embeddable":true,"href":"https:\/\/www.ernstbrunn-apotheke.at\/katalog\/wp-json\/wp\/v2\/product_brand?post=140407"},{"taxonomy":"product_cat","embeddable":true,"href":"https:\/\/www.ernstbrunn-apotheke.at\/katalog\/wp-json\/wp\/v2\/product_cat?post=140407"},{"taxonomy":"product_tag","embeddable":true,"href":"https:\/\/www.ernstbrunn-apotheke.at\/katalog\/wp-json\/wp\/v2\/product_tag?post=140407"}],"curies":[{"name":"wp","href":"https:\/\/api.w.org\/{rel}","templated":true}]}}