{"id":140361,"date":"2025-11-14T20:15:04","date_gmt":"2025-11-14T19:15:04","guid":{"rendered":"https:\/\/www.ernstbrunn-apotheke.at\/katalog\/produkt\/slick-n-slide-gleitfluid-100-ml\/"},"modified":"2025-12-09T10:40:15","modified_gmt":"2025-12-09T09:40:15","slug":"slick-n-slide-gleitfluid-100-ml","status":"publish","type":"product","link":"https:\/\/www.ernstbrunn-apotheke.at\/katalog\/produkt\/slick-n-slide-gleitfluid-100-ml\/","title":{"rendered":"Slick n Slide Gleitfluid 100 ml"},"content":{"rendered":"<p>Slick n Slide Gleitfluid ist die optimale Verbindung zwischen medizinisch getesteter Hautvertr\u00e4glichkeit und ultra-langer Gleitf\u00e4higkeit. F\u00fcr ein extensives Gleitvergn\u00fcgen, durch hochwertiges Silikon, beim Vaginal- und Analverkehr. Das Silikon-Fluid h\u00e4lt sich auch unter der Dusche, im Whirlpool und \u00fcberall dort, wo Sie von Wasser umgeben sind. Auch f\u00fcr K\u00f6rpermassagen .<\/p>\n","protected":false},"excerpt":{"rendered":"<p>Slick n Slide Gleitfluid ist die optimale Verbindung zwischen medizinisch getesteter Hautvertr\u00e4glichkeit und ultra-langer Gleitf\u00e4higkeit. F\u00fcr ein extensives Gleitvergn\u00fcgen, durch hochwertiges Silikon, beim Vaginal- und Analverkehr. Das Silikon-Fluid h\u00e4lt sich auch unter der Dusche, im Whirlpool und \u00fcberall dort, wo Sie von Wasser umgeben sind. Auch f\u00fcr K\u00f6rpermassagen .<\/p>\n","protected":false},"featured_media":140363,"template":"","meta":{"_acf_changed":false},"product_brand":[],"product_cat":[791],"product_tag":[],"class_list":{"0":"post-140361","1":"product","2":"type-product","3":"status-publish","4":"has-post-thumbnail","6":"product_cat-s","7":"pa_packungsgroesse-100ml","9":"first","10":"instock","11":"shipping-taxable","12":"purchasable","13":"product-type-simple"},"acf":[],"_links":{"self":[{"href":"https:\/\/www.ernstbrunn-apotheke.at\/katalog\/wp-json\/wp\/v2\/product\/140361","targetHints":{"allow":["GET"]}}],"collection":[{"href":"https:\/\/www.ernstbrunn-apotheke.at\/katalog\/wp-json\/wp\/v2\/product"}],"about":[{"href":"https:\/\/www.ernstbrunn-apotheke.at\/katalog\/wp-json\/wp\/v2\/types\/product"}],"wp:featuredmedia":[{"embeddable":true,"href":"https:\/\/www.ernstbrunn-apotheke.at\/katalog\/wp-json\/wp\/v2\/media\/140363"}],"wp:attachment":[{"href":"https:\/\/www.ernstbrunn-apotheke.at\/katalog\/wp-json\/wp\/v2\/media?parent=140361"}],"wp:term":[{"taxonomy":"product_brand","embeddable":true,"href":"https:\/\/www.ernstbrunn-apotheke.at\/katalog\/wp-json\/wp\/v2\/product_brand?post=140361"},{"taxonomy":"product_cat","embeddable":true,"href":"https:\/\/www.ernstbrunn-apotheke.at\/katalog\/wp-json\/wp\/v2\/product_cat?post=140361"},{"taxonomy":"product_tag","embeddable":true,"href":"https:\/\/www.ernstbrunn-apotheke.at\/katalog\/wp-json\/wp\/v2\/product_tag?post=140361"}],"curies":[{"name":"wp","href":"https:\/\/api.w.org\/{rel}","templated":true}]}}