{"id":140266,"date":"2025-11-14T20:12:24","date_gmt":"2025-11-14T19:12:24","guid":{"rendered":"https:\/\/www.ernstbrunn-apotheke.at\/katalog\/produkt\/casida-oregano-oel-10-ml\/"},"modified":"2025-12-09T10:40:01","modified_gmt":"2025-12-09T09:40:01","slug":"casida-oregano-oel-10-ml","status":"publish","type":"product","link":"https:\/\/www.ernstbrunn-apotheke.at\/katalog\/produkt\/casida-oregano-oel-10-ml\/","title":{"rendered":"Casida Oregano \u00d6l 10 ml"},"content":{"rendered":"<p>Casida Oregano \u00d6l ist ein naturreines \u00e4therisches Oregano \u00d6l in therapeutischer Qualit\u00e4t. Das \u00e4therische \u00d6l wirkt entz\u00fcndungshemmend, antibakteriell und antiviral sowie nervenst\u00e4rkend und heilungsf\u00f6rdernd. Ideal f\u00fcr die Aromatherapie und f\u00fcr Aromadiffuser geeignet.<\/p>\n","protected":false},"excerpt":{"rendered":"<p>Casida Oregano \u00d6l ist ein naturreines \u00e4therisches Oregano \u00d6l in therapeutischer Qualit\u00e4t. Das \u00e4therische \u00d6l wirkt entz\u00fcndungshemmend, antibakteriell und antiviral sowie nervenst\u00e4rkend und heilungsf\u00f6rdernd. Ideal f\u00fcr die Aromatherapie und f\u00fcr Aromadiffuser geeignet.<\/p>\n","protected":false},"featured_media":140268,"template":"","meta":{"_acf_changed":false},"product_brand":[],"product_cat":[812],"product_tag":[],"class_list":{"0":"post-140266","1":"product","2":"type-product","3":"status-publish","4":"has-post-thumbnail","6":"product_cat-c","7":"pa_packungsgroesse-10ml","9":"first","10":"instock","11":"shipping-taxable","12":"purchasable","13":"product-type-simple"},"acf":[],"_links":{"self":[{"href":"https:\/\/www.ernstbrunn-apotheke.at\/katalog\/wp-json\/wp\/v2\/product\/140266","targetHints":{"allow":["GET"]}}],"collection":[{"href":"https:\/\/www.ernstbrunn-apotheke.at\/katalog\/wp-json\/wp\/v2\/product"}],"about":[{"href":"https:\/\/www.ernstbrunn-apotheke.at\/katalog\/wp-json\/wp\/v2\/types\/product"}],"wp:featuredmedia":[{"embeddable":true,"href":"https:\/\/www.ernstbrunn-apotheke.at\/katalog\/wp-json\/wp\/v2\/media\/140268"}],"wp:attachment":[{"href":"https:\/\/www.ernstbrunn-apotheke.at\/katalog\/wp-json\/wp\/v2\/media?parent=140266"}],"wp:term":[{"taxonomy":"product_brand","embeddable":true,"href":"https:\/\/www.ernstbrunn-apotheke.at\/katalog\/wp-json\/wp\/v2\/product_brand?post=140266"},{"taxonomy":"product_cat","embeddable":true,"href":"https:\/\/www.ernstbrunn-apotheke.at\/katalog\/wp-json\/wp\/v2\/product_cat?post=140266"},{"taxonomy":"product_tag","embeddable":true,"href":"https:\/\/www.ernstbrunn-apotheke.at\/katalog\/wp-json\/wp\/v2\/product_tag?post=140266"}],"curies":[{"name":"wp","href":"https:\/\/api.w.org\/{rel}","templated":true}]}}