{"id":140117,"date":"2025-11-14T20:08:19","date_gmt":"2025-11-14T19:08:19","guid":{"rendered":"https:\/\/www.ernstbrunn-apotheke.at\/katalog\/produkt\/burgerstein-vitamin-d3-2000-ie-kapseln-60-stk\/"},"modified":"2025-12-09T10:39:42","modified_gmt":"2025-12-09T09:39:42","slug":"burgerstein-vitamin-d3-2000-ie-kapseln-60-stk","status":"publish","type":"product","link":"https:\/\/www.ernstbrunn-apotheke.at\/katalog\/produkt\/burgerstein-vitamin-d3-2000-ie-kapseln-60-stk\/","title":{"rendered":"Burgerstein Vitamin D3 2000 IE Kapseln 60 Stk."},"content":{"rendered":"<p><strong>Das Sonnenvitamin f\u00fcr die &#8222;Gro\u00dfen&#8220;.<\/strong><\/p>\n<p>&#13;<\/p>\n<div>\u00a0<\/div>\n<p>&#13;<\/p>\n<div>Vitamin D leistet einen wesentlichen Beitrag zur Kalziumaufnahme und zur regul\u00e4ren Funktion des Immunsystems. Des Weiteren f\u00f6rdert es bei Erwachsenen den Erhalt gesunder Knochen und einer intakten Muskelfunktion. F\u00fcr Kinder ist Vitamin D unerl\u00e4sslich f\u00fcr ein vitales Wachstum und eine stabile Entwicklung des Knochenger\u00fcsts.\u00a0<\/div>\n<p>&#13;<\/p>\n<div>\u00a0<\/div>\n<p>&#13;<\/p>\n<div>Vitamin D3, auch als Cholecalciferol bezeichnet, ist die spezifische Form von Vitamin D, die unsere Haut aus Cholesterin produziert, wenn sie der Sonnenstrahlung (UV-B) ausgesetzt ist. Die Aktivierung von Vitamin D3 findet in der Leber statt, w\u00e4hrend die weitere Verarbeitung zu Calcitriol in der Niere geschieht.<\/div>\n<p>&#13;<\/p>\n<div>\u00a0<\/div>\n<p>&#13;<\/p>\n<div>Cholecalciferol, auch als Colecalciferol oder schlichtweg Calciol bezeichnet, stellt die bedeutendste physiologische Variante des Vitamin D im menschlichen Organismus dar. Als Vorl\u00e4ufer des aktiven Vitamin D nimmt Cholecalciferol eine essenzielle Funktion bei der Steuerung des Calcium- und Phosphathaushalts ein.\u00a0<\/div>\n<p>&#13;<\/p>\n<div>\u00a0<\/div>\n<p>&#13;<\/p>\n<div>Als Einzelpr\u00e4parat dient es der Pr\u00e4vention und Therapie von Vitamin-D-Defiziten. In Verbindung mit Calcium kommt es zur Anwendung bei der Bek\u00e4mpfung von Osteoporose. Im K\u00f6rper wird Cholecalciferol in den aktiven Wirkstoff Calcitriol umgewandelt.<\/div>\n","protected":false},"excerpt":{"rendered":"<p>Das Sonnenvitamin f\u00fcr die &#8222;Gro\u00dfen&#8220;. &#13; \u00a0 &#13; Vitamin D leistet einen wesentlichen Beitrag zur Kalziumaufnahme und zur regul\u00e4ren Funktion des Immunsystems. Des Weiteren f\u00f6rdert es bei Erwachsenen den Erhalt gesunder Knochen und einer intakten Muskelfunktion. F\u00fcr Kinder ist Vitamin D unerl\u00e4sslich f\u00fcr ein vitales Wachstum und eine stabile Entwicklung des Knochenger\u00fcsts.\u00a0 &#13; \u00a0 &#13; [&hellip;]<\/p>\n","protected":false},"featured_media":140119,"template":"","meta":{"_acf_changed":false},"product_brand":[446],"product_cat":[802],"product_tag":[],"class_list":{"0":"post-140117","1":"product","2":"type-product","3":"status-publish","4":"has-post-thumbnail","6":"product_brand-burgerstein","7":"product_cat-b","8":"pa_packungsgroesse-60-stueck","10":"first","11":"instock","12":"shipping-taxable","13":"purchasable","14":"product-type-simple"},"acf":[],"_links":{"self":[{"href":"https:\/\/www.ernstbrunn-apotheke.at\/katalog\/wp-json\/wp\/v2\/product\/140117","targetHints":{"allow":["GET"]}}],"collection":[{"href":"https:\/\/www.ernstbrunn-apotheke.at\/katalog\/wp-json\/wp\/v2\/product"}],"about":[{"href":"https:\/\/www.ernstbrunn-apotheke.at\/katalog\/wp-json\/wp\/v2\/types\/product"}],"wp:featuredmedia":[{"embeddable":true,"href":"https:\/\/www.ernstbrunn-apotheke.at\/katalog\/wp-json\/wp\/v2\/media\/140119"}],"wp:attachment":[{"href":"https:\/\/www.ernstbrunn-apotheke.at\/katalog\/wp-json\/wp\/v2\/media?parent=140117"}],"wp:term":[{"taxonomy":"product_brand","embeddable":true,"href":"https:\/\/www.ernstbrunn-apotheke.at\/katalog\/wp-json\/wp\/v2\/product_brand?post=140117"},{"taxonomy":"product_cat","embeddable":true,"href":"https:\/\/www.ernstbrunn-apotheke.at\/katalog\/wp-json\/wp\/v2\/product_cat?post=140117"},{"taxonomy":"product_tag","embeddable":true,"href":"https:\/\/www.ernstbrunn-apotheke.at\/katalog\/wp-json\/wp\/v2\/product_tag?post=140117"}],"curies":[{"name":"wp","href":"https:\/\/api.w.org\/{rel}","templated":true}]}}