{"id":140061,"date":"2025-11-14T20:07:06","date_gmt":"2025-11-14T19:07:06","guid":{"rendered":"https:\/\/www.ernstbrunn-apotheke.at\/katalog\/produkt\/zahnpasta-sensodyne-sensitivitaet-zahnfleisch-75-ml\/"},"modified":"2025-12-09T10:39:32","modified_gmt":"2025-12-09T09:39:32","slug":"zahnpasta-sensodyne-sensitivitaet-zahnfleisch-75-ml","status":"publish","type":"product","link":"https:\/\/www.ernstbrunn-apotheke.at\/katalog\/produkt\/zahnpasta-sensodyne-sensitivitaet-zahnfleisch-75-ml\/","title":{"rendered":"Zahnpasta Sensodyne Sensitivit\u00e4t &#038; Zahnfleisch 75 ml"},"content":{"rendered":"<p>Die t\u00e4gliche Zahnpasta Sensodyne Sensitivit\u00e4t &#038; Zahnfleisch reduziert klinisch nachgewiesen die Schmerzempfindlichkeit &#038; verbessert die Zahnfleischgesundheit. Die Formulierung mit dem DUO-Effekt bildet zum einen eine Schutzschicht auf den empfindlichen Bereichen der Z\u00e4hne und reduziert bei regelm\u00e4\u00dfiger Anwendung die Schmerzempfindlichkeit.<\/p>\n","protected":false},"excerpt":{"rendered":"<p>Die t\u00e4gliche Zahnpasta Sensodyne Sensitivit\u00e4t &#038; Zahnfleisch reduziert klinisch nachgewiesen die Schmerzempfindlichkeit &#038; verbessert die Zahnfleischgesundheit. Die Formulierung mit dem DUO-Effekt bildet zum einen eine Schutzschicht auf den empfindlichen Bereichen der Z\u00e4hne und reduziert bei regelm\u00e4\u00dfiger Anwendung die Schmerzempfindlichkeit.<\/p>\n","protected":false},"featured_media":0,"template":"","meta":{"_acf_changed":false},"product_brand":[],"product_cat":[803],"product_tag":[],"class_list":{"0":"post-140061","1":"product","2":"type-product","3":"status-publish","5":"product_cat-z","6":"pa_packungsgroesse-75ml","8":"first","9":"instock","10":"shipping-taxable","11":"purchasable","12":"product-type-simple"},"acf":[],"_links":{"self":[{"href":"https:\/\/www.ernstbrunn-apotheke.at\/katalog\/wp-json\/wp\/v2\/product\/140061","targetHints":{"allow":["GET"]}}],"collection":[{"href":"https:\/\/www.ernstbrunn-apotheke.at\/katalog\/wp-json\/wp\/v2\/product"}],"about":[{"href":"https:\/\/www.ernstbrunn-apotheke.at\/katalog\/wp-json\/wp\/v2\/types\/product"}],"wp:attachment":[{"href":"https:\/\/www.ernstbrunn-apotheke.at\/katalog\/wp-json\/wp\/v2\/media?parent=140061"}],"wp:term":[{"taxonomy":"product_brand","embeddable":true,"href":"https:\/\/www.ernstbrunn-apotheke.at\/katalog\/wp-json\/wp\/v2\/product_brand?post=140061"},{"taxonomy":"product_cat","embeddable":true,"href":"https:\/\/www.ernstbrunn-apotheke.at\/katalog\/wp-json\/wp\/v2\/product_cat?post=140061"},{"taxonomy":"product_tag","embeddable":true,"href":"https:\/\/www.ernstbrunn-apotheke.at\/katalog\/wp-json\/wp\/v2\/product_tag?post=140061"}],"curies":[{"name":"wp","href":"https:\/\/api.w.org\/{rel}","templated":true}]}}