{"id":139783,"date":"2025-11-14T20:00:02","date_gmt":"2025-11-14T19:00:02","guid":{"rendered":"https:\/\/www.ernstbrunn-apotheke.at\/katalog\/produkt\/canal-effillierschere-rostfrei\/"},"modified":"2025-12-09T10:38:47","modified_gmt":"2025-12-09T09:38:47","slug":"canal-effillierschere-rostfrei","status":"publish","type":"product","link":"https:\/\/www.ernstbrunn-apotheke.at\/katalog\/produkt\/canal-effillierschere-rostfrei\/","title":{"rendered":"Canal Effillierschere rostfrei"},"content":{"rendered":"<p>&#8211; Doppelseitig gezahnt<\/p>\n<p>&#8211; F\u00fcr ein professionelles &#8222;Ausd\u00fcnnen&#8220; der Haare<\/p>\n<p>&#8211; Auch bei Locken geeignet<\/p>\n<p>L x B x H: 14 x 5 x 0,6<\/p>\n<p><strong>Was unterscheidet Canal Scheren von anderen?<\/strong><\/p>\n<p>Jede canal Schere wird von Hand geschliffen und zeichnet sich durch die genau aufeinander abgestimmte Schneidfl\u00e4chen aus. Die ideale Schere f\u00fcr ein professionelles &#8222;Ausd\u00fcnnen&#8220; der Haare. Bitte nicht mehr als zweimal an der gleichen Stelle ansetzen und ausd\u00fcnnen, da die Haare sonst zu d\u00fcnn werden. Die Schere ist auch f\u00fcr Locken geeignet um eine Leichtigkeit in das Haar zu bekommen. Bitte verwenden Sie die Schere nicht bei d\u00fcnnem und feinem Haar. Auch f\u00fcr Linksh\u00e4nder geeignet. Alle rostfreien canal Scheren sind nachschleifbar und das Schraubengewinde kann jederzeit nachgezogen werden &#8211; umweltfreundlich, nachhaltig und garantierte lebenslange Freude.<\/p>\n<p>Zu jeder Schere erhalten Sie ein kostenloses Etui aus 100% recyceltem Filz damit die Schere bestens gesch\u00fctzt ist!<\/p>\n<p><strong>Qualit\u00e4t sp\u00fcren und erleben!<\/strong><\/p>\n","protected":false},"excerpt":{"rendered":"<p>&#8211; Doppelseitig gezahnt &#8211; F\u00fcr ein professionelles &#8222;Ausd\u00fcnnen&#8220; der Haare &#8211; Auch bei Locken geeignet L x B x H: 14 x 5 x 0,6 Was unterscheidet Canal Scheren von anderen? Jede canal Schere wird von Hand geschliffen und zeichnet sich durch die genau aufeinander abgestimmte Schneidfl\u00e4chen aus. Die ideale Schere f\u00fcr ein professionelles &#8222;Ausd\u00fcnnen&#8220; [&hellip;]<\/p>\n","protected":false},"featured_media":139785,"template":"","meta":{"_acf_changed":false},"product_brand":[1130],"product_cat":[812],"product_tag":[],"class_list":{"0":"post-139783","1":"product","2":"type-product","3":"status-publish","4":"has-post-thumbnail","6":"product_brand-canal","7":"product_cat-c","8":"pa_packungsgroesse-1-stueck","10":"first","11":"instock","12":"shipping-taxable","13":"purchasable","14":"product-type-simple"},"acf":[],"_links":{"self":[{"href":"https:\/\/www.ernstbrunn-apotheke.at\/katalog\/wp-json\/wp\/v2\/product\/139783","targetHints":{"allow":["GET"]}}],"collection":[{"href":"https:\/\/www.ernstbrunn-apotheke.at\/katalog\/wp-json\/wp\/v2\/product"}],"about":[{"href":"https:\/\/www.ernstbrunn-apotheke.at\/katalog\/wp-json\/wp\/v2\/types\/product"}],"wp:featuredmedia":[{"embeddable":true,"href":"https:\/\/www.ernstbrunn-apotheke.at\/katalog\/wp-json\/wp\/v2\/media\/139785"}],"wp:attachment":[{"href":"https:\/\/www.ernstbrunn-apotheke.at\/katalog\/wp-json\/wp\/v2\/media?parent=139783"}],"wp:term":[{"taxonomy":"product_brand","embeddable":true,"href":"https:\/\/www.ernstbrunn-apotheke.at\/katalog\/wp-json\/wp\/v2\/product_brand?post=139783"},{"taxonomy":"product_cat","embeddable":true,"href":"https:\/\/www.ernstbrunn-apotheke.at\/katalog\/wp-json\/wp\/v2\/product_cat?post=139783"},{"taxonomy":"product_tag","embeddable":true,"href":"https:\/\/www.ernstbrunn-apotheke.at\/katalog\/wp-json\/wp\/v2\/product_tag?post=139783"}],"curies":[{"name":"wp","href":"https:\/\/api.w.org\/{rel}","templated":true}]}}