{"id":138876,"date":"2025-11-14T18:23:27","date_gmt":"2025-11-14T17:23:27","guid":{"rendered":"https:\/\/www.ernstbrunn-apotheke.at\/katalog\/produkt\/eubos-hyaluron-high-intense-serum-30-ml\/"},"modified":"2025-12-09T10:35:33","modified_gmt":"2025-12-09T09:35:33","slug":"eubos-hyaluron-high-intense-serum-30-ml","status":"publish","type":"product","link":"https:\/\/www.ernstbrunn-apotheke.at\/katalog\/produkt\/eubos-hyaluron-high-intense-serum-30-ml\/","title":{"rendered":"Eubos Hyaluron High Intense Serum 30 ml"},"content":{"rendered":"<p>Das Eubos Hyaluron High Intense Serum ist die ideale Spezialpflege zur Bek\u00e4mpfung von Falten und feinen Linien. Die abgestimmte Kombination aus Ectoin, Hyalurons\u00e4ure und dem Vitaminkomplex Vitamin B3, Vitamin E und Provitamin B5 versorgt die Haut mit reichlich Feuchtigkeit, unterst\u00fctzt Ihre Reparaturmechanismen und wirkt Hautalterung entgegen. Au\u00dferdem ist das Serum frei von Parabenen, PEG-Emulgatoren und Silikon- und Mineral\u00f6len<\/p>\n","protected":false},"excerpt":{"rendered":"<p>Das Eubos Hyaluron High Intense Serum ist die ideale Spezialpflege zur Bek\u00e4mpfung von Falten und feinen Linien. Die abgestimmte Kombination aus Ectoin, Hyalurons\u00e4ure und dem Vitaminkomplex Vitamin B3, Vitamin E und Provitamin B5 versorgt die Haut mit reichlich Feuchtigkeit, unterst\u00fctzt Ihre Reparaturmechanismen und wirkt Hautalterung entgegen. Au\u00dferdem ist das Serum frei von Parabenen, PEG-Emulgatoren und [&hellip;]<\/p>\n","protected":false},"featured_media":138878,"template":"","meta":{"_acf_changed":false},"product_brand":[694],"product_cat":[794],"product_tag":[],"class_list":{"0":"post-138876","1":"product","2":"type-product","3":"status-publish","4":"has-post-thumbnail","6":"product_brand-eubos","7":"product_cat-e","8":"pa_packungsgroesse-30ml","10":"first","11":"instock","12":"shipping-taxable","13":"purchasable","14":"product-type-simple"},"acf":[],"_links":{"self":[{"href":"https:\/\/www.ernstbrunn-apotheke.at\/katalog\/wp-json\/wp\/v2\/product\/138876","targetHints":{"allow":["GET"]}}],"collection":[{"href":"https:\/\/www.ernstbrunn-apotheke.at\/katalog\/wp-json\/wp\/v2\/product"}],"about":[{"href":"https:\/\/www.ernstbrunn-apotheke.at\/katalog\/wp-json\/wp\/v2\/types\/product"}],"wp:featuredmedia":[{"embeddable":true,"href":"https:\/\/www.ernstbrunn-apotheke.at\/katalog\/wp-json\/wp\/v2\/media\/138878"}],"wp:attachment":[{"href":"https:\/\/www.ernstbrunn-apotheke.at\/katalog\/wp-json\/wp\/v2\/media?parent=138876"}],"wp:term":[{"taxonomy":"product_brand","embeddable":true,"href":"https:\/\/www.ernstbrunn-apotheke.at\/katalog\/wp-json\/wp\/v2\/product_brand?post=138876"},{"taxonomy":"product_cat","embeddable":true,"href":"https:\/\/www.ernstbrunn-apotheke.at\/katalog\/wp-json\/wp\/v2\/product_cat?post=138876"},{"taxonomy":"product_tag","embeddable":true,"href":"https:\/\/www.ernstbrunn-apotheke.at\/katalog\/wp-json\/wp\/v2\/product_tag?post=138876"}],"curies":[{"name":"wp","href":"https:\/\/api.w.org\/{rel}","templated":true}]}}