{"id":138775,"date":"2025-11-14T18:20:52","date_gmt":"2025-11-14T17:20:52","guid":{"rendered":"https:\/\/www.ernstbrunn-apotheke.at\/katalog\/produkt\/nicapur-familyvit-liquid-250-ml\/"},"modified":"2025-12-09T10:35:23","modified_gmt":"2025-12-09T09:35:23","slug":"nicapur-familyvit-liquid-250-ml","status":"publish","type":"product","link":"https:\/\/www.ernstbrunn-apotheke.at\/katalog\/produkt\/nicapur-familyvit-liquid-250-ml\/","title":{"rendered":"Nicapur FamilyVit liquid 250 ml"},"content":{"rendered":"<p>Nicapur FamilyVit liquid ist ein Nahrungserg\u00e4nzungsmittel mit S\u00fc\u00dfungsmittel sowie wertvollen Vitaminen, Mineralstoffen und Spurenelementen in ausgewogener Zusammensetzung f\u00fcr die ganze Familie.<\/p>\n","protected":false},"excerpt":{"rendered":"<p>Nicapur FamilyVit liquid ist ein Nahrungserg\u00e4nzungsmittel mit S\u00fc\u00dfungsmittel sowie wertvollen Vitaminen, Mineralstoffen und Spurenelementen in ausgewogener Zusammensetzung f\u00fcr die ganze Familie.<\/p>\n","protected":false},"featured_media":138777,"template":"","meta":{"_acf_changed":false},"product_brand":[352],"product_cat":[797],"product_tag":[],"class_list":{"0":"post-138775","1":"product","2":"type-product","3":"status-publish","4":"has-post-thumbnail","6":"product_brand-nicapur","7":"product_cat-n","8":"pa_packungsgroesse-250ml","10":"first","11":"instock","12":"shipping-taxable","13":"purchasable","14":"product-type-simple"},"acf":[],"_links":{"self":[{"href":"https:\/\/www.ernstbrunn-apotheke.at\/katalog\/wp-json\/wp\/v2\/product\/138775","targetHints":{"allow":["GET"]}}],"collection":[{"href":"https:\/\/www.ernstbrunn-apotheke.at\/katalog\/wp-json\/wp\/v2\/product"}],"about":[{"href":"https:\/\/www.ernstbrunn-apotheke.at\/katalog\/wp-json\/wp\/v2\/types\/product"}],"wp:featuredmedia":[{"embeddable":true,"href":"https:\/\/www.ernstbrunn-apotheke.at\/katalog\/wp-json\/wp\/v2\/media\/138777"}],"wp:attachment":[{"href":"https:\/\/www.ernstbrunn-apotheke.at\/katalog\/wp-json\/wp\/v2\/media?parent=138775"}],"wp:term":[{"taxonomy":"product_brand","embeddable":true,"href":"https:\/\/www.ernstbrunn-apotheke.at\/katalog\/wp-json\/wp\/v2\/product_brand?post=138775"},{"taxonomy":"product_cat","embeddable":true,"href":"https:\/\/www.ernstbrunn-apotheke.at\/katalog\/wp-json\/wp\/v2\/product_cat?post=138775"},{"taxonomy":"product_tag","embeddable":true,"href":"https:\/\/www.ernstbrunn-apotheke.at\/katalog\/wp-json\/wp\/v2\/product_tag?post=138775"}],"curies":[{"name":"wp","href":"https:\/\/api.w.org\/{rel}","templated":true}]}}