{"id":13839,"date":"2025-11-07T15:13:34","date_gmt":"2025-11-07T14:13:34","guid":{"rendered":"https:\/\/www.ernstbrunn-apotheke.at\/katalog\/produkt\/dr-jacobs-physiobase-basenpulver-beeren-300g\/"},"modified":"2025-12-08T13:36:38","modified_gmt":"2025-12-08T12:36:38","slug":"dr-jacobs-physiobase-basenpulver-beeren-300g","status":"publish","type":"product","link":"https:\/\/www.ernstbrunn-apotheke.at\/katalog\/produkt\/dr-jacobs-physiobase-basenpulver-beeren-300g\/","title":{"rendered":"Dr. Jacobs pHysioBase Basenpulver Beeren 300g"},"content":{"rendered":"<p>pHysioBase von Dr. Jacob\u2019s Medical ist eine beerige Mineralstoffmischung nach dem Vorbild der Natur: auf Basis von organischem Laktat und Citrat, hergestellt aus mineralischen und pflanzlichen Rohstoffen. Die in pHysioBase enthaltenen Mineralstoffe Magnesium und Kalium unterst\u00fctzen die normale Funktion der Muskeln. Calcium, Magnesium und Vitamin D tragen zur Erhaltung von Knochen bei \u2013 f\u00fcr die Beweglichkeit und mehr Freude am Leben. Vitamin C unterst\u00fctzt die normale Kollagenbildung f\u00fcr die normale Funktion von Knorpeln (Hauptbestandteil der Gelenke) und Knochen.<\/p>\n","protected":false},"excerpt":{"rendered":"<p>pHysioBase von Dr. Jacob\u2019s Medical ist eine beerige Mineralstoffmischung nach dem Vorbild der Natur: auf Basis von organischem Laktat und Citrat, hergestellt aus mineralischen und pflanzlichen Rohstoffen. Die in pHysioBase enthaltenen Mineralstoffe Magnesium und Kalium unterst\u00fctzen die normale Funktion der Muskeln. Calcium, Magnesium und Vitamin D tragen zur Erhaltung von Knochen bei \u2013 f\u00fcr die [&hellip;]<\/p>\n","protected":false},"featured_media":13841,"template":"","meta":{"_acf_changed":false},"product_brand":[433],"product_cat":[792],"product_tag":[],"class_list":{"0":"post-13839","1":"product","2":"type-product","3":"status-publish","4":"has-post-thumbnail","6":"product_brand-dr-jacobs","7":"product_cat-d","8":"pa_packungsgroesse-300g","10":"first","11":"instock","12":"shipping-taxable","13":"purchasable","14":"product-type-simple"},"acf":[],"_links":{"self":[{"href":"https:\/\/www.ernstbrunn-apotheke.at\/katalog\/wp-json\/wp\/v2\/product\/13839","targetHints":{"allow":["GET"]}}],"collection":[{"href":"https:\/\/www.ernstbrunn-apotheke.at\/katalog\/wp-json\/wp\/v2\/product"}],"about":[{"href":"https:\/\/www.ernstbrunn-apotheke.at\/katalog\/wp-json\/wp\/v2\/types\/product"}],"wp:featuredmedia":[{"embeddable":true,"href":"https:\/\/www.ernstbrunn-apotheke.at\/katalog\/wp-json\/wp\/v2\/media\/13841"}],"wp:attachment":[{"href":"https:\/\/www.ernstbrunn-apotheke.at\/katalog\/wp-json\/wp\/v2\/media?parent=13839"}],"wp:term":[{"taxonomy":"product_brand","embeddable":true,"href":"https:\/\/www.ernstbrunn-apotheke.at\/katalog\/wp-json\/wp\/v2\/product_brand?post=13839"},{"taxonomy":"product_cat","embeddable":true,"href":"https:\/\/www.ernstbrunn-apotheke.at\/katalog\/wp-json\/wp\/v2\/product_cat?post=13839"},{"taxonomy":"product_tag","embeddable":true,"href":"https:\/\/www.ernstbrunn-apotheke.at\/katalog\/wp-json\/wp\/v2\/product_tag?post=13839"}],"curies":[{"name":"wp","href":"https:\/\/api.w.org\/{rel}","templated":true}]}}