{"id":137696,"date":"2025-11-14T17:54:41","date_gmt":"2025-11-14T16:54:41","guid":{"rendered":"https:\/\/www.ernstbrunn-apotheke.at\/katalog\/produkt\/yogi-tee-sweet-chili\/"},"modified":"2025-12-09T10:32:14","modified_gmt":"2025-12-09T09:32:14","slug":"yogi-tee-sweet-chili","status":"publish","type":"product","link":"https:\/\/www.ernstbrunn-apotheke.at\/katalog\/produkt\/yogi-tee-sweet-chili\/","title":{"rendered":"Yogi Tee Sweet Chili"},"content":{"rendered":"<p>Yogi Tee Sweet Chili beruhigt das innere Kind. Die minzig-sanfte S\u00fc\u00dfe entschleunigt, w\u00e4hrend eine Prise Chili und Minze den Verstand sch\u00e4rfen. Ein Tee, entspannend wie ein hei\u00dfer Tag im Juli.<\/p>\n","protected":false},"excerpt":{"rendered":"<p>Yogi Tee Sweet Chili beruhigt das innere Kind. Die minzig-sanfte S\u00fc\u00dfe entschleunigt, w\u00e4hrend eine Prise Chili und Minze den Verstand sch\u00e4rfen. Ein Tee, entspannend wie ein hei\u00dfer Tag im Juli.<\/p>\n","protected":false},"featured_media":137698,"template":"","meta":{"_acf_changed":false},"product_brand":[1510],"product_cat":[835],"product_tag":[],"class_list":{"0":"post-137696","1":"product","2":"type-product","3":"status-publish","4":"has-post-thumbnail","6":"product_brand-yogi-tee","7":"product_cat-y","8":"pa_packungsgroesse-500","10":"first","11":"instock","12":"shipping-taxable","13":"purchasable","14":"product-type-simple"},"acf":[],"_links":{"self":[{"href":"https:\/\/www.ernstbrunn-apotheke.at\/katalog\/wp-json\/wp\/v2\/product\/137696","targetHints":{"allow":["GET"]}}],"collection":[{"href":"https:\/\/www.ernstbrunn-apotheke.at\/katalog\/wp-json\/wp\/v2\/product"}],"about":[{"href":"https:\/\/www.ernstbrunn-apotheke.at\/katalog\/wp-json\/wp\/v2\/types\/product"}],"wp:featuredmedia":[{"embeddable":true,"href":"https:\/\/www.ernstbrunn-apotheke.at\/katalog\/wp-json\/wp\/v2\/media\/137698"}],"wp:attachment":[{"href":"https:\/\/www.ernstbrunn-apotheke.at\/katalog\/wp-json\/wp\/v2\/media?parent=137696"}],"wp:term":[{"taxonomy":"product_brand","embeddable":true,"href":"https:\/\/www.ernstbrunn-apotheke.at\/katalog\/wp-json\/wp\/v2\/product_brand?post=137696"},{"taxonomy":"product_cat","embeddable":true,"href":"https:\/\/www.ernstbrunn-apotheke.at\/katalog\/wp-json\/wp\/v2\/product_cat?post=137696"},{"taxonomy":"product_tag","embeddable":true,"href":"https:\/\/www.ernstbrunn-apotheke.at\/katalog\/wp-json\/wp\/v2\/product_tag?post=137696"}],"curies":[{"name":"wp","href":"https:\/\/api.w.org\/{rel}","templated":true}]}}