{"id":137665,"date":"2025-11-14T17:53:44","date_gmt":"2025-11-14T16:53:44","guid":{"rendered":"https:\/\/www.ernstbrunn-apotheke.at\/katalog\/produkt\/yogi-tee-ingwer-zitrone\/"},"modified":"2025-12-09T10:32:10","modified_gmt":"2025-12-09T09:32:10","slug":"yogi-tee-ingwer-zitrone","status":"publish","type":"product","link":"https:\/\/www.ernstbrunn-apotheke.at\/katalog\/produkt\/yogi-tee-ingwer-zitrone\/","title":{"rendered":"Yogi Tee Ingwer Zitrone"},"content":{"rendered":"<p>Yogi Tee Ingwer Zitrone w\u00e4rmt auf, regt die Lebensgeister an. Der s\u00e4uerliche Geschmack der Zitrone erfrischt den Geist und schafft ein Gef\u00fchl der Leichtigkeit. Kleine Beigaben von Zitronengras, Minze, S\u00fc\u00dfholz und schwarzem Pfeffer geben dem Tee etwas \u00e4Biss\u201c und eine leichte, frische S\u00fc\u00dfe. Im Sommer k\u00fchl, im Winter herzerw\u00e4rmend, immer k\u00f6stlich.<\/p>\n","protected":false},"excerpt":{"rendered":"<p>Yogi Tee Ingwer Zitrone w\u00e4rmt auf, regt die Lebensgeister an. Der s\u00e4uerliche Geschmack der Zitrone erfrischt den Geist und schafft ein Gef\u00fchl der Leichtigkeit. Kleine Beigaben von Zitronengras, Minze, S\u00fc\u00dfholz und schwarzem Pfeffer geben dem Tee etwas \u00e4Biss\u201c und eine leichte, frische S\u00fc\u00dfe. Im Sommer k\u00fchl, im Winter herzerw\u00e4rmend, immer k\u00f6stlich.<\/p>\n","protected":false},"featured_media":137667,"template":"","meta":{"_acf_changed":false},"product_brand":[1510],"product_cat":[835],"product_tag":[],"class_list":{"0":"post-137665","1":"product","2":"type-product","3":"status-publish","4":"has-post-thumbnail","6":"product_brand-yogi-tee","7":"product_cat-y","8":"pa_packungsgroesse-500","10":"first","11":"instock","12":"shipping-taxable","13":"purchasable","14":"product-type-simple"},"acf":[],"_links":{"self":[{"href":"https:\/\/www.ernstbrunn-apotheke.at\/katalog\/wp-json\/wp\/v2\/product\/137665","targetHints":{"allow":["GET"]}}],"collection":[{"href":"https:\/\/www.ernstbrunn-apotheke.at\/katalog\/wp-json\/wp\/v2\/product"}],"about":[{"href":"https:\/\/www.ernstbrunn-apotheke.at\/katalog\/wp-json\/wp\/v2\/types\/product"}],"wp:featuredmedia":[{"embeddable":true,"href":"https:\/\/www.ernstbrunn-apotheke.at\/katalog\/wp-json\/wp\/v2\/media\/137667"}],"wp:attachment":[{"href":"https:\/\/www.ernstbrunn-apotheke.at\/katalog\/wp-json\/wp\/v2\/media?parent=137665"}],"wp:term":[{"taxonomy":"product_brand","embeddable":true,"href":"https:\/\/www.ernstbrunn-apotheke.at\/katalog\/wp-json\/wp\/v2\/product_brand?post=137665"},{"taxonomy":"product_cat","embeddable":true,"href":"https:\/\/www.ernstbrunn-apotheke.at\/katalog\/wp-json\/wp\/v2\/product_cat?post=137665"},{"taxonomy":"product_tag","embeddable":true,"href":"https:\/\/www.ernstbrunn-apotheke.at\/katalog\/wp-json\/wp\/v2\/product_tag?post=137665"}],"curies":[{"name":"wp","href":"https:\/\/api.w.org\/{rel}","templated":true}]}}