{"id":137491,"date":"2025-11-14T17:49:20","date_gmt":"2025-11-14T16:49:20","guid":{"rendered":"https:\/\/www.ernstbrunn-apotheke.at\/katalog\/produkt\/woerishofener-darm-kapseln-42-stk\/"},"modified":"2025-12-09T10:31:41","modified_gmt":"2025-12-09T09:31:41","slug":"woerishofener-darm-kapseln-42-stk","status":"publish","type":"product","link":"https:\/\/www.ernstbrunn-apotheke.at\/katalog\/produkt\/woerishofener-darm-kapseln-42-stk\/","title":{"rendered":"W\u00f6rishofener Darm Kapseln 42 Stk."},"content":{"rendered":"<p>W\u00f6rishofener Darm Kapseln sind ein pflanzliches stimulierendes Abf\u00fchrmittel. Die Kapseln dienen zur kurzfristigen Anwendung bei Verstopfung.<\/p>\n","protected":false},"excerpt":{"rendered":"<p>W\u00f6rishofener Darm Kapseln sind ein pflanzliches stimulierendes Abf\u00fchrmittel. Die Kapseln dienen zur kurzfristigen Anwendung bei Verstopfung.<\/p>\n","protected":false},"featured_media":137493,"template":"","meta":{"_acf_changed":false},"product_brand":[],"product_cat":[796],"product_tag":[],"class_list":{"0":"post-137491","1":"product","2":"type-product","3":"status-publish","4":"has-post-thumbnail","6":"product_cat-w","7":"pa_packungsgroesse-42-stueck","9":"first","10":"instock","11":"shipping-taxable","12":"purchasable","13":"product-type-simple"},"acf":[],"_links":{"self":[{"href":"https:\/\/www.ernstbrunn-apotheke.at\/katalog\/wp-json\/wp\/v2\/product\/137491","targetHints":{"allow":["GET"]}}],"collection":[{"href":"https:\/\/www.ernstbrunn-apotheke.at\/katalog\/wp-json\/wp\/v2\/product"}],"about":[{"href":"https:\/\/www.ernstbrunn-apotheke.at\/katalog\/wp-json\/wp\/v2\/types\/product"}],"wp:featuredmedia":[{"embeddable":true,"href":"https:\/\/www.ernstbrunn-apotheke.at\/katalog\/wp-json\/wp\/v2\/media\/137493"}],"wp:attachment":[{"href":"https:\/\/www.ernstbrunn-apotheke.at\/katalog\/wp-json\/wp\/v2\/media?parent=137491"}],"wp:term":[{"taxonomy":"product_brand","embeddable":true,"href":"https:\/\/www.ernstbrunn-apotheke.at\/katalog\/wp-json\/wp\/v2\/product_brand?post=137491"},{"taxonomy":"product_cat","embeddable":true,"href":"https:\/\/www.ernstbrunn-apotheke.at\/katalog\/wp-json\/wp\/v2\/product_cat?post=137491"},{"taxonomy":"product_tag","embeddable":true,"href":"https:\/\/www.ernstbrunn-apotheke.at\/katalog\/wp-json\/wp\/v2\/product_tag?post=137491"}],"curies":[{"name":"wp","href":"https:\/\/api.w.org\/{rel}","templated":true}]}}