{"id":137452,"date":"2025-11-14T17:48:05","date_gmt":"2025-11-14T16:48:05","guid":{"rendered":"https:\/\/www.ernstbrunn-apotheke.at\/katalog\/produkt\/louis-widmer-babypure-windelcreme-130-g\/"},"modified":"2025-12-09T10:31:38","modified_gmt":"2025-12-09T09:31:38","slug":"louis-widmer-babypure-windelcreme-130-g","status":"publish","type":"product","link":"https:\/\/www.ernstbrunn-apotheke.at\/katalog\/produkt\/louis-widmer-babypure-windelcreme-130-g\/","title":{"rendered":"Louis Widmer BabyPure Windelcreme 130 g"},"content":{"rendered":"<p>BabyPure Windelcreme ist f\u00fcr die empfindliche Babyhaut entwickelt worden. Die puristische Formulierung ist mikrobiologisch und dermatologisch getestet und zeigt h\u00f6chste Vertr\u00e4glichkeit. Sie ist frei von Duft- und Farbstoffen, Mineral\u00f6len, Silikonen, Alkohol und Parabene.Die reichhaltige Formel mit Zinkoxid, Panthenol und Defensil\u00ae \u2013 einem pflanzlichen Wirkstoff-Komplex beruhigt Reizungen im Windelbereich und hilft R\u00f6tungen und Irritationen zu mildern. Sie bildet einen atmungsaktiven Schutzfilm auf der Haut und weist wirksam Feuchtigkeit ab. BabyPure Windelcreme f\u00f6rdert das Abklingen von R\u00f6tungen und pflegt die gereizte Haut sanft. Pflegendes Panthenol und Zinkoxid beugen Juckreiz und Irritationen vor. Defensil\u00ae unterst\u00fctzt die nat\u00fcrliche Schutzfunktion der Haut.<\/p>\n","protected":false},"excerpt":{"rendered":"<p>BabyPure Windelcreme ist f\u00fcr die empfindliche Babyhaut entwickelt worden. Die puristische Formulierung ist mikrobiologisch und dermatologisch getestet und zeigt h\u00f6chste Vertr\u00e4glichkeit. Sie ist frei von Duft- und Farbstoffen, Mineral\u00f6len, Silikonen, Alkohol und Parabene.Die reichhaltige Formel mit Zinkoxid, Panthenol und Defensil\u00ae \u2013 einem pflanzlichen Wirkstoff-Komplex beruhigt Reizungen im Windelbereich und hilft R\u00f6tungen und Irritationen zu mildern. [&hellip;]<\/p>\n","protected":false},"featured_media":137454,"template":"","meta":{"_acf_changed":false},"product_brand":[1509],"product_cat":[795],"product_tag":[],"class_list":{"0":"post-137452","1":"product","2":"type-product","3":"status-publish","4":"has-post-thumbnail","6":"product_brand-widmer","7":"product_cat-l","8":"pa_packungsgroesse-130g","10":"first","11":"instock","12":"shipping-taxable","13":"purchasable","14":"product-type-simple"},"acf":[],"_links":{"self":[{"href":"https:\/\/www.ernstbrunn-apotheke.at\/katalog\/wp-json\/wp\/v2\/product\/137452","targetHints":{"allow":["GET"]}}],"collection":[{"href":"https:\/\/www.ernstbrunn-apotheke.at\/katalog\/wp-json\/wp\/v2\/product"}],"about":[{"href":"https:\/\/www.ernstbrunn-apotheke.at\/katalog\/wp-json\/wp\/v2\/types\/product"}],"wp:featuredmedia":[{"embeddable":true,"href":"https:\/\/www.ernstbrunn-apotheke.at\/katalog\/wp-json\/wp\/v2\/media\/137454"}],"wp:attachment":[{"href":"https:\/\/www.ernstbrunn-apotheke.at\/katalog\/wp-json\/wp\/v2\/media?parent=137452"}],"wp:term":[{"taxonomy":"product_brand","embeddable":true,"href":"https:\/\/www.ernstbrunn-apotheke.at\/katalog\/wp-json\/wp\/v2\/product_brand?post=137452"},{"taxonomy":"product_cat","embeddable":true,"href":"https:\/\/www.ernstbrunn-apotheke.at\/katalog\/wp-json\/wp\/v2\/product_cat?post=137452"},{"taxonomy":"product_tag","embeddable":true,"href":"https:\/\/www.ernstbrunn-apotheke.at\/katalog\/wp-json\/wp\/v2\/product_tag?post=137452"}],"curies":[{"name":"wp","href":"https:\/\/api.w.org\/{rel}","templated":true}]}}