{"id":137377,"date":"2025-11-14T17:45:32","date_gmt":"2025-11-14T16:45:32","guid":{"rendered":"https:\/\/www.ernstbrunn-apotheke.at\/katalog\/produkt\/weleda-schwangerschafts-pflegeoel-10-ml\/"},"modified":"2025-12-09T10:31:31","modified_gmt":"2025-12-09T09:31:31","slug":"weleda-schwangerschafts-pflegeoel-10-ml","status":"publish","type":"product","link":"https:\/\/www.ernstbrunn-apotheke.at\/katalog\/produkt\/weleda-schwangerschafts-pflegeoel-10-ml\/","title":{"rendered":"Weleda Schwangerschafts Pflege\u00f6l 10 ml"},"content":{"rendered":"<p>Weleda Schwangerschafts Pflege\u00f6l sch\u00fctzt die Haut, die durch die k\u00f6rperlichen Ver\u00e4nderungen in der Schwangerschaft zu Trockenheit neigt, vor dem Austrocknen. Von Beginn der Schwangerschaft an bis drei Monate nach der Geburt regelm\u00e4\u00dfig einmassiert, beugt es Dehnungsstreifen an Bauch, Oberschenkel, Po und Brust vor. Es verbessert zudem die Elastizit\u00e4t der Haut und regen ihre Spannkraft an.<\/p>\n","protected":false},"excerpt":{"rendered":"<p>Weleda Schwangerschafts Pflege\u00f6l sch\u00fctzt die Haut, die durch die k\u00f6rperlichen Ver\u00e4nderungen in der Schwangerschaft zu Trockenheit neigt, vor dem Austrocknen. Von Beginn der Schwangerschaft an bis drei Monate nach der Geburt regelm\u00e4\u00dfig einmassiert, beugt es Dehnungsstreifen an Bauch, Oberschenkel, Po und Brust vor. Es verbessert zudem die Elastizit\u00e4t der Haut und regen ihre Spannkraft an.<\/p>\n","protected":false},"featured_media":137379,"template":"","meta":{"_acf_changed":false},"product_brand":[567],"product_cat":[796],"product_tag":[],"class_list":{"0":"post-137377","1":"product","2":"type-product","3":"status-publish","4":"has-post-thumbnail","6":"product_brand-weleda","7":"product_cat-w","8":"pa_packungsgroesse-10ml","10":"first","11":"instock","12":"shipping-taxable","13":"purchasable","14":"product-type-simple"},"acf":[],"_links":{"self":[{"href":"https:\/\/www.ernstbrunn-apotheke.at\/katalog\/wp-json\/wp\/v2\/product\/137377","targetHints":{"allow":["GET"]}}],"collection":[{"href":"https:\/\/www.ernstbrunn-apotheke.at\/katalog\/wp-json\/wp\/v2\/product"}],"about":[{"href":"https:\/\/www.ernstbrunn-apotheke.at\/katalog\/wp-json\/wp\/v2\/types\/product"}],"wp:featuredmedia":[{"embeddable":true,"href":"https:\/\/www.ernstbrunn-apotheke.at\/katalog\/wp-json\/wp\/v2\/media\/137379"}],"wp:attachment":[{"href":"https:\/\/www.ernstbrunn-apotheke.at\/katalog\/wp-json\/wp\/v2\/media?parent=137377"}],"wp:term":[{"taxonomy":"product_brand","embeddable":true,"href":"https:\/\/www.ernstbrunn-apotheke.at\/katalog\/wp-json\/wp\/v2\/product_brand?post=137377"},{"taxonomy":"product_cat","embeddable":true,"href":"https:\/\/www.ernstbrunn-apotheke.at\/katalog\/wp-json\/wp\/v2\/product_cat?post=137377"},{"taxonomy":"product_tag","embeddable":true,"href":"https:\/\/www.ernstbrunn-apotheke.at\/katalog\/wp-json\/wp\/v2\/product_tag?post=137377"}],"curies":[{"name":"wp","href":"https:\/\/api.w.org\/{rel}","templated":true}]}}