{"id":136415,"date":"2025-11-14T17:25:24","date_gmt":"2025-11-14T16:25:24","guid":{"rendered":"https:\/\/www.ernstbrunn-apotheke.at\/katalog\/produkt\/kinder-vitaminchen-kautabletten-erdbeer-28-stk\/"},"modified":"2025-12-09T10:27:53","modified_gmt":"2025-12-09T09:27:53","slug":"kinder-vitaminchen-kautabletten-erdbeer-28-stk","status":"publish","type":"product","link":"https:\/\/www.ernstbrunn-apotheke.at\/katalog\/produkt\/kinder-vitaminchen-kautabletten-erdbeer-28-stk\/","title":{"rendered":"Kinder Vitaminchen Kautabletten Erdbeer 28 Stk."},"content":{"rendered":"<p>Kinder Vitaminchen Kautabletten 28 Stk. Erdbeer erg\u00e4nzen die durch die Nahrung aufgenommene Vitaminmenge optimal und verbinden das N\u00fctzliche mit dem Spa\u00df.<\/p>\n","protected":false},"excerpt":{"rendered":"<p>Kinder Vitaminchen Kautabletten 28 Stk. Erdbeer erg\u00e4nzen die durch die Nahrung aufgenommene Vitaminmenge optimal und verbinden das N\u00fctzliche mit dem Spa\u00df.<\/p>\n","protected":false},"featured_media":136417,"template":"","meta":{"_acf_changed":false},"product_brand":[],"product_cat":[807],"product_tag":[],"class_list":{"0":"post-136415","1":"product","2":"type-product","3":"status-publish","4":"has-post-thumbnail","6":"product_cat-k","7":"pa_packungsgroesse-28-stueck","9":"first","10":"instock","11":"shipping-taxable","12":"purchasable","13":"product-type-simple"},"acf":[],"_links":{"self":[{"href":"https:\/\/www.ernstbrunn-apotheke.at\/katalog\/wp-json\/wp\/v2\/product\/136415","targetHints":{"allow":["GET"]}}],"collection":[{"href":"https:\/\/www.ernstbrunn-apotheke.at\/katalog\/wp-json\/wp\/v2\/product"}],"about":[{"href":"https:\/\/www.ernstbrunn-apotheke.at\/katalog\/wp-json\/wp\/v2\/types\/product"}],"wp:featuredmedia":[{"embeddable":true,"href":"https:\/\/www.ernstbrunn-apotheke.at\/katalog\/wp-json\/wp\/v2\/media\/136417"}],"wp:attachment":[{"href":"https:\/\/www.ernstbrunn-apotheke.at\/katalog\/wp-json\/wp\/v2\/media?parent=136415"}],"wp:term":[{"taxonomy":"product_brand","embeddable":true,"href":"https:\/\/www.ernstbrunn-apotheke.at\/katalog\/wp-json\/wp\/v2\/product_brand?post=136415"},{"taxonomy":"product_cat","embeddable":true,"href":"https:\/\/www.ernstbrunn-apotheke.at\/katalog\/wp-json\/wp\/v2\/product_cat?post=136415"},{"taxonomy":"product_tag","embeddable":true,"href":"https:\/\/www.ernstbrunn-apotheke.at\/katalog\/wp-json\/wp\/v2\/product_tag?post=136415"}],"curies":[{"name":"wp","href":"https:\/\/api.w.org\/{rel}","templated":true}]}}