{"id":136383,"date":"2025-11-14T17:23:58","date_gmt":"2025-11-14T16:23:58","guid":{"rendered":"https:\/\/www.ernstbrunn-apotheke.at\/katalog\/produkt\/dr-jacobs-vitamin-deka-oel-20-ml\/"},"modified":"2025-12-09T10:27:49","modified_gmt":"2025-12-09T09:27:49","slug":"dr-jacobs-vitamin-deka-oel-20-ml","status":"publish","type":"product","link":"https:\/\/www.ernstbrunn-apotheke.at\/katalog\/produkt\/dr-jacobs-vitamin-deka-oel-20-ml\/","title":{"rendered":"Dr. Jacob\u00b4s Vitamin DEKA \u00d6l 20 ml"},"content":{"rendered":"<p>Dr. Jacob\u00b4s Vitamin DEKA \u00d6l enth\u00e4lt alle vier fettl\u00f6slichen Vitamine D, E, K und A in nur einem Tropfen und ist ideal f\u00fcr alle, die noch mehr f\u00fcr ihr Immunsystem tun wollen. Pro Portion (1 Tropfen) sind 20 \u00b5g (800 I.E.) Vitamin D3, 12 mg Tocopherole (4 mg Vitamin E), 20 \u00b5g Vitamin K2 und 240 \u00b5g Retinol-\u00c4quivalente (Vitamin A) enthalten.Damit bietet es einen umfassenden Schutz und sorgt f\u00fcr die normale Funktion des Knochenstoffwechsels, des Immunsystems, der Zellteilung, der Sehkraft, der Haut und vieles mehr.<\/p>\n","protected":false},"excerpt":{"rendered":"<p>Dr. Jacob\u00b4s Vitamin DEKA \u00d6l enth\u00e4lt alle vier fettl\u00f6slichen Vitamine D, E, K und A in nur einem Tropfen und ist ideal f\u00fcr alle, die noch mehr f\u00fcr ihr Immunsystem tun wollen. Pro Portion (1 Tropfen) sind 20 \u00b5g (800 I.E.) Vitamin D3, 12 mg Tocopherole (4 mg Vitamin E), 20 \u00b5g Vitamin K2 und [&hellip;]<\/p>\n","protected":false},"featured_media":136385,"template":"","meta":{"_acf_changed":false},"product_brand":[433],"product_cat":[792],"product_tag":[],"class_list":{"0":"post-136383","1":"product","2":"type-product","3":"status-publish","4":"has-post-thumbnail","6":"product_brand-dr-jacobs","7":"product_cat-d","8":"pa_packungsgroesse-20ml","10":"first","11":"instock","12":"shipping-taxable","13":"purchasable","14":"product-type-simple"},"acf":[],"_links":{"self":[{"href":"https:\/\/www.ernstbrunn-apotheke.at\/katalog\/wp-json\/wp\/v2\/product\/136383","targetHints":{"allow":["GET"]}}],"collection":[{"href":"https:\/\/www.ernstbrunn-apotheke.at\/katalog\/wp-json\/wp\/v2\/product"}],"about":[{"href":"https:\/\/www.ernstbrunn-apotheke.at\/katalog\/wp-json\/wp\/v2\/types\/product"}],"wp:featuredmedia":[{"embeddable":true,"href":"https:\/\/www.ernstbrunn-apotheke.at\/katalog\/wp-json\/wp\/v2\/media\/136385"}],"wp:attachment":[{"href":"https:\/\/www.ernstbrunn-apotheke.at\/katalog\/wp-json\/wp\/v2\/media?parent=136383"}],"wp:term":[{"taxonomy":"product_brand","embeddable":true,"href":"https:\/\/www.ernstbrunn-apotheke.at\/katalog\/wp-json\/wp\/v2\/product_brand?post=136383"},{"taxonomy":"product_cat","embeddable":true,"href":"https:\/\/www.ernstbrunn-apotheke.at\/katalog\/wp-json\/wp\/v2\/product_cat?post=136383"},{"taxonomy":"product_tag","embeddable":true,"href":"https:\/\/www.ernstbrunn-apotheke.at\/katalog\/wp-json\/wp\/v2\/product_tag?post=136383"}],"curies":[{"name":"wp","href":"https:\/\/api.w.org\/{rel}","templated":true}]}}